{"id":705,"date":"2022-03-03T08:11:01","date_gmt":"2022-03-03T08:11:01","guid":{"rendered":"http:\/\/percursoseideias.iscet.pt\/?page_id=705"},"modified":"2022-10-19T19:52:18","modified_gmt":"2022-10-19T19:52:18","slug":"pi_2018_n08_0010-2","status":"publish","type":"page","link":"https:\/\/percursoseideias.iscet.pt\/index.php\/pi_2018_n08_0010-2\/","title":{"rendered":"Volume 8 &#8211; 2018 (0010)"},"content":{"rendered":"\n<div class=\"wp-block-columns is-layout-flex wp-container-core-columns-is-layout-9d6595d7 wp-block-columns-is-layout-flex\">\n<div class=\"wp-block-column is-layout-flow wp-block-column-is-layout-flow\" style=\"flex-basis:20%\">\n<figure class=\"wp-block-image size-full\"><img loading=\"lazy\" decoding=\"async\" width=\"436\" height=\"640\" src=\"https:\/\/percursoseideias.iscet.pt\/wp-content\/uploads\/2022\/03\/revista-percursos-ideias-8.png\" alt=\"\" class=\"wp-image-230\" srcset=\"https:\/\/percursoseideias.iscet.pt\/wp-content\/uploads\/2022\/03\/revista-percursos-ideias-8.png 436w, https:\/\/percursoseideias.iscet.pt\/wp-content\/uploads\/2022\/03\/revista-percursos-ideias-8-204x300.png 204w\" sizes=\"auto, (max-width: 436px) 100vw, 436px\" \/><\/figure>\n\n\n\n<p class=\"has-text-align-center\" style=\"font-size:16px\"><a href=\"https:\/\/percursoseideias.iscet.pt\/index.php\/pi_2018_n08_0001-2\/\"><img loading=\"lazy\" decoding=\"async\" width=\"16\" height=\"13\" class=\"wp-image-373\" style=\"width: 16px;\" src=\"https:\/\/percursoseideias.iscet.pt\/wp-content\/uploads\/2022\/03\/DoubleArrow_Left.jpg\" alt=\"\" srcset=\"https:\/\/percursoseideias.iscet.pt\/wp-content\/uploads\/2022\/03\/DoubleArrow_Left.jpg 1150w, https:\/\/percursoseideias.iscet.pt\/wp-content\/uploads\/2022\/03\/DoubleArrow_Left-300x239.jpg 300w, https:\/\/percursoseideias.iscet.pt\/wp-content\/uploads\/2022\/03\/DoubleArrow_Left-1024x816.jpg 1024w, https:\/\/percursoseideias.iscet.pt\/wp-content\/uploads\/2022\/03\/DoubleArrow_Left-768x612.jpg 768w\" sizes=\"auto, (max-width: 16px) 100vw, 16px\" \/><\/a>  <a href=\"https:\/\/percursoseideias.iscet.pt\/index.php\/pi_2018_n08_0009-2\/\"><img loading=\"lazy\" decoding=\"async\" width=\"11\" height=\"12\" class=\"wp-image-371\" style=\"width: 11px;\" src=\"https:\/\/percursoseideias.iscet.pt\/wp-content\/uploads\/2022\/03\/Arrow_Left.jpg\" alt=\"\" srcset=\"https:\/\/percursoseideias.iscet.pt\/wp-content\/uploads\/2022\/03\/Arrow_Left.jpg 820w, https:\/\/percursoseideias.iscet.pt\/wp-content\/uploads\/2022\/03\/Arrow_Left-269x300.jpg 269w, https:\/\/percursoseideias.iscet.pt\/wp-content\/uploads\/2022\/03\/Arrow_Left-150x150.jpg 150w, https:\/\/percursoseideias.iscet.pt\/wp-content\/uploads\/2022\/03\/Arrow_Left-768x858.jpg 768w, https:\/\/percursoseideias.iscet.pt\/wp-content\/uploads\/2022\/03\/Arrow_Left-80x80.jpg 80w, https:\/\/percursoseideias.iscet.pt\/wp-content\/uploads\/2022\/03\/Arrow_Left-320x320.jpg 320w\" sizes=\"auto, (max-width: 11px) 100vw, 11px\" \/><\/a>  <a href=\"https:\/\/percursoseideias.iscet.pt\/index.php\/volume-8-2018\/\">Contents<\/a>  <br><a href=\"https:\/\/percursoseideias.iscet.pt\/index.php\/archive\/\">Archive<\/a><br><a href=\"https:\/\/percursoseideias.iscet.pt\/index.php\/current-issues\/\">Current issue<\/a><\/p>\n<\/div>\n\n\n\n<div class=\"wp-block-column is-layout-flow wp-block-column-is-layout-flow\" style=\"flex-basis:66.66%\">\n<p style=\"font-size:30px\"><strong>Young adults and the consumption of soft drinks. Aspects of consumer behaviour regarding soft drinks consumption and consumer loyalty<\/strong><\/p>\n\n\n\n<p class=\"has-medium-font-size\">Ana Catarina Martins Correia Soares <a href=\"mailto:asoares@iscet.pt\" target=\"_blank\" rel=\"noreferrer noopener\"><img decoding=\"async\" class=\"wp-image-299\" style=\"width: 15px;\" src=\"http:\/\/magano.com\/percursoseideias\/wp-content\/uploads\/2022\/02\/envelope.png\" alt=\"\"><\/a><sup>1<\/sup><\/p>\n\n\n\n<p style=\"font-size:15px\"><sup>1<\/sup> ISCET &#8211; High Institute of Business and Tourism Sciences, Porto, Portugal<\/p>\n\n\n\n<p style=\"font-size:16px\"><\/p>\n\n\n\n<p style=\"font-size:16px\">To cite this text:<\/p>\n\n\n\n<p style=\"font-size:15px\">Soares, A. C. M. C. (2018), Young adults and the consumption of soft drinks. Aspects of consumer behaviour regarding soft drinks consumption and consumer loyalty, <em>Percursos &amp; Ideias<\/em>, Vol. 8, pp. 107-115.<\/p>\n\n\n\n<p style=\"font-size:15px\"><a rel=\"noreferrer noopener\" href=\"https:\/\/percursoseideias.iscet.pt\/wp-content\/uploads\/2022\/03\/PI_2018_N08_0010.pdf\" target=\"_blank\">View full text PDF<\/a> <a rel=\"noreferrer noopener\" href=\"https:\/\/percursoseideias.iscet.pt\/wp-content\/uploads\/2022\/03\/PI_2018_N08_0010.pdf\" target=\"_blank\"><img decoding=\"async\" class=\"wp-image-213\" style=\"width: 20px;\" src=\"http:\/\/magano.com\/percursoseideias\/wp-content\/uploads\/2022\/02\/PDF_logo.jpeg\" alt=\"\"><\/a> <\/p>\n\n\n\n<p><strong>Abstract<\/strong><\/p>\n\n\n\n<p style=\"font-size:16px\">This article intends to systematize the findings of a research project on the consumption of soft drinks among young adults, using as study population, members of the Portuguese Scouts Association (Portuguese Scouts)\/Associa\u00e7\u00e3o dos Escoteiros de Portugal (Escoteiros de Portugal), thus trying to establish some conclusions about brand loyalty. There is a low perception about several aspects related to the consumption of soft drinks. If someone has a low or complete absence of concern\/perception on a strongly influencing factor of the purchase decision, which depends (be a strongly influential factor) on the population segment to which the person belongs, the repetition of the purchase of a particular brand is less likely to occur. Low concern\/perception about consumer issues can lead to low brand loyalty.<\/p>\n\n\n\n<p><strong>Keywords<\/strong><\/p>\n\n\n\n<p style=\"font-size:16px\">Consumption, Soft drinks, Young adults, Loyalty, Implication.<\/p>\n\n\n\n<p><strong>References<\/strong><\/p>\n\n\n\n<p>Agresti, Alan; Finlay, Barbara (2012), <em>M\u00e9todos Estat\u00edsticos para as Ci\u00eancias Sociais<\/em> (4.\u00aa ed.), Porto Alegre: Penso Editora.<\/p>\n\n\n\n<p>Bearden, William O.; Netemeyer, Richard G.; Teel, Jesse E. (1990), \u201cFurther Validation of the Consumer Susceptibility to Interpersonal Influence Scale\u201d<em>,<\/em> <em>in <\/em>Marvin E. Goldberg, Gerald Gorn &amp; Richard W. Pollay (eds.), <em>NA \u2013 Advances in Consumer Research<\/em>, 17, Provo, UT: Association for Consumer Research, pp. 770-776.<\/p>\n\n\n\n<p>Cooper, Donald R.; Schindler, Pamela S. (2016), <em>M\u00e9todos de Pesquisa em Administra\u00e7\u00e3o<\/em> (12.\u00aa ed.), S\u00e3o Paulo: McGraw Hill.<\/p>\n\n\n\n<p>Jayanti, R. K.; Burns, A. C. (1998), \u201cThe Antecedents of Preventive Health Care Behavior: An Empirical Study\u201d, <em>in<\/em> <em>Journal of the Academy of Marketing Science<\/em>, 26 (6), pp. 6-15.<\/p>\n\n\n\n<p>Kumar, R. (2011), <em>Research Methodology: a step-by-step guide for beginners<\/em> (3.<sup>th<\/sup> ed.), London: Sage.<\/p>\n\n\n\n<p>\u2013 (2005), <em>Research Methodology: a step-by-step guide for beginners<\/em> (2.<sup>th<\/sup> ed.), London: Sage.<\/p>\n\n\n\n<p>Laurent, G.; Kapferer, J. N. (1985), \u201cMeasuring Consumer Involvement Profiles\u201d, <em>in<\/em> <em>Journal of Marketing Research<\/em>, 22, pp. 41-53.<\/p>\n\n\n\n<p>Likert, Rensis (1932), \u201cA Technique for the Measurement of Attitudes\u201d, <em>in<\/em> <em>Archives of Psychology<\/em>, 140, pp. 1-55, [Accessed on 22.08.2017]. Available at: <a href=\"https:\/\/legacy.voteview.com\/pdf\/Likert_1932.pdf\" target=\"_blank\" rel=\"noreferrer noopener\">https:\/\/legacy.voteview.com\/pdf\/Likert_1932.pdf<\/a><\/p>\n\n\n\n<p>Muncy, J. A. (1996), \u201cMeasuring Perceived Brand Parity\u201d, <em>in<\/em> <em>Advances in Consumer Research<\/em>, 23, pp. 411-417.<\/p>\n\n\n\n<p>Pestana, Maria Helena; Gageiro, Jo\u00e3o Nunes (2014), <em>An\u00e1lise de Dados para Ci\u00eancias Sociais. A Complementariedade do SPSS<\/em> (6.\u00aa ed.), Lisboa: S\u00edlabo.<\/p>\n\n\n\n<p>Pocinho, Margarida (2010), <em>Estat\u00edstica II<\/em>, Coimbra: ISMT.<\/p>\n\n\n\n<p>Richardson, R. (2008), <em>Pesquisa Social: m\u00e9todos e t\u00e9cnicas<\/em>, S\u00e3o Paulo: Atlas.<\/p>\n\n\n\n<p>Spiegel, Murray R.; Stephens, Larry J. (2009), <em>Estat\u00edstica (Colec\u00e7\u00e3o Schaum)<\/em> (4.\u00aa ed.), Porto Alegre: Bookman.<\/p>\n\n\n\n<p>Steptoe, A.; Wardle, J. (1999), \u201cMotivational Factors as Mediators of Socioeconomic variations in dietary intake patterns\u201d, <em>in<\/em> <em>Psychology and Health<\/em>, 14, pp 391-402.<\/p>\n\n\n\n<p>Tang, Wei; Cui, Ying; Babenko, Oksana (2014), \u201cInternal Consistency. Do We Really Know What is and How to Assess it?\u201d, <em>in<\/em> <em>Journal of Psychology and Behavioral Science<\/em>, 2 (2), pp. 205 -220.<\/p>\n\n\n\n<p>Triola, Mario F. (2017), <em>Elementary Statistics<\/em> (13.<sup>th<\/sup> ed.), New York: Pearson Education.<\/p>\n<\/div>\n<\/div>\n","protected":false},"excerpt":{"rendered":"<p>Contents ArchiveCurrent issue Young adults and the consumption of soft drinks. Aspects of consumer behaviour regarding soft drinks consumption and consumer loyalty Ana Catarina Martins Correia Soares 1 1 ISCET &#8211; High Institute of&#46;&#46;&#46;<\/p>\n","protected":false},"author":6,"featured_media":0,"parent":0,"menu_order":0,"comment_status":"closed","ping_status":"closed","template":"","meta":{"footnotes":""},"class_list":["post-705","page","type-page","status-publish","hentry"],"_links":{"self":[{"href":"https:\/\/percursoseideias.iscet.pt\/index.php\/wp-json\/wp\/v2\/pages\/705","targetHints":{"allow":["GET"]}}],"collection":[{"href":"https:\/\/percursoseideias.iscet.pt\/index.php\/wp-json\/wp\/v2\/pages"}],"about":[{"href":"https:\/\/percursoseideias.iscet.pt\/index.php\/wp-json\/wp\/v2\/types\/page"}],"author":[{"embeddable":true,"href":"https:\/\/percursoseideias.iscet.pt\/index.php\/wp-json\/wp\/v2\/users\/6"}],"replies":[{"embeddable":true,"href":"https:\/\/percursoseideias.iscet.pt\/index.php\/wp-json\/wp\/v2\/comments?post=705"}],"version-history":[{"count":5,"href":"https:\/\/percursoseideias.iscet.pt\/index.php\/wp-json\/wp\/v2\/pages\/705\/revisions"}],"predecessor-version":[{"id":2905,"href":"https:\/\/percursoseideias.iscet.pt\/index.php\/wp-json\/wp\/v2\/pages\/705\/revisions\/2905"}],"wp:attachment":[{"href":"https:\/\/percursoseideias.iscet.pt\/index.php\/wp-json\/wp\/v2\/media?parent=705"}],"curies":[{"name":"wp","href":"https:\/\/api.w.org\/{rel}","templated":true}]}}