{"id":697,"date":"2022-03-03T08:09:50","date_gmt":"2022-03-03T08:09:50","guid":{"rendered":"http:\/\/percursoseideias.iscet.pt\/?page_id=697"},"modified":"2022-03-07T18:30:12","modified_gmt":"2022-03-07T18:30:12","slug":"pi_2018_n08_0006-2","status":"publish","type":"page","link":"https:\/\/percursoseideias.iscet.pt\/index.php\/pi_2018_n08_0006-2\/","title":{"rendered":"Volume 8 &#8211; 2018 (0006)"},"content":{"rendered":"\n<div class=\"wp-block-columns is-layout-flex wp-container-core-columns-is-layout-9d6595d7 wp-block-columns-is-layout-flex\">\n<div class=\"wp-block-column is-layout-flow wp-block-column-is-layout-flow\" style=\"flex-basis:20%\">\n<figure class=\"wp-block-image size-full\"><img loading=\"lazy\" decoding=\"async\" width=\"436\" height=\"640\" src=\"https:\/\/percursoseideias.iscet.pt\/wp-content\/uploads\/2022\/03\/revista-percursos-ideias-8.png\" alt=\"\" class=\"wp-image-230\" srcset=\"https:\/\/percursoseideias.iscet.pt\/wp-content\/uploads\/2022\/03\/revista-percursos-ideias-8.png 436w, https:\/\/percursoseideias.iscet.pt\/wp-content\/uploads\/2022\/03\/revista-percursos-ideias-8-204x300.png 204w\" sizes=\"auto, (max-width: 436px) 100vw, 436px\" \/><\/figure>\n\n\n\n<p class=\"has-text-align-center\" style=\"font-size:16px\"><a href=\"https:\/\/percursoseideias.iscet.pt\/index.php\/pi_2018_n08_0001-2\/\"><img loading=\"lazy\" decoding=\"async\" width=\"16\" height=\"13\" class=\"wp-image-373\" style=\"width: 16px;\" src=\"https:\/\/percursoseideias.iscet.pt\/wp-content\/uploads\/2022\/03\/DoubleArrow_Left.jpg\" alt=\"\" srcset=\"https:\/\/percursoseideias.iscet.pt\/wp-content\/uploads\/2022\/03\/DoubleArrow_Left.jpg 1150w, https:\/\/percursoseideias.iscet.pt\/wp-content\/uploads\/2022\/03\/DoubleArrow_Left-300x239.jpg 300w, https:\/\/percursoseideias.iscet.pt\/wp-content\/uploads\/2022\/03\/DoubleArrow_Left-1024x816.jpg 1024w, https:\/\/percursoseideias.iscet.pt\/wp-content\/uploads\/2022\/03\/DoubleArrow_Left-768x612.jpg 768w\" sizes=\"auto, (max-width: 16px) 100vw, 16px\" \/><\/a>  <a href=\"https:\/\/percursoseideias.iscet.pt\/index.php\/pi_2018_n08_0005-2\/\"><img loading=\"lazy\" decoding=\"async\" width=\"11\" height=\"12\" class=\"wp-image-371\" style=\"width: 11px;\" src=\"https:\/\/percursoseideias.iscet.pt\/wp-content\/uploads\/2022\/03\/Arrow_Left.jpg\" alt=\"\" srcset=\"https:\/\/percursoseideias.iscet.pt\/wp-content\/uploads\/2022\/03\/Arrow_Left.jpg 820w, https:\/\/percursoseideias.iscet.pt\/wp-content\/uploads\/2022\/03\/Arrow_Left-269x300.jpg 269w, https:\/\/percursoseideias.iscet.pt\/wp-content\/uploads\/2022\/03\/Arrow_Left-150x150.jpg 150w, https:\/\/percursoseideias.iscet.pt\/wp-content\/uploads\/2022\/03\/Arrow_Left-768x858.jpg 768w, https:\/\/percursoseideias.iscet.pt\/wp-content\/uploads\/2022\/03\/Arrow_Left-80x80.jpg 80w, https:\/\/percursoseideias.iscet.pt\/wp-content\/uploads\/2022\/03\/Arrow_Left-320x320.jpg 320w\" sizes=\"auto, (max-width: 11px) 100vw, 11px\" \/><\/a>  <a href=\"https:\/\/percursoseideias.iscet.pt\/index.php\/volume-8-2018\/\">Contents<\/a>  <a href=\"https:\/\/percursoseideias.iscet.pt\/index.php\/pi_2018_n08_0007-2\/\"><img loading=\"lazy\" decoding=\"async\" width=\"11\" height=\"12\" class=\"wp-image-372\" style=\"width: 11px;\" src=\"https:\/\/percursoseideias.iscet.pt\/wp-content\/uploads\/2022\/03\/Arrow_Right.jpg\" alt=\"\" srcset=\"https:\/\/percursoseideias.iscet.pt\/wp-content\/uploads\/2022\/03\/Arrow_Right.jpg 820w, https:\/\/percursoseideias.iscet.pt\/wp-content\/uploads\/2022\/03\/Arrow_Right-269x300.jpg 269w, https:\/\/percursoseideias.iscet.pt\/wp-content\/uploads\/2022\/03\/Arrow_Right-150x150.jpg 150w, https:\/\/percursoseideias.iscet.pt\/wp-content\/uploads\/2022\/03\/Arrow_Right-768x858.jpg 768w, https:\/\/percursoseideias.iscet.pt\/wp-content\/uploads\/2022\/03\/Arrow_Right-80x80.jpg 80w, https:\/\/percursoseideias.iscet.pt\/wp-content\/uploads\/2022\/03\/Arrow_Right-320x320.jpg 320w\" sizes=\"auto, (max-width: 11px) 100vw, 11px\" \/><\/a>  <a href=\"https:\/\/percursoseideias.iscet.pt\/index.php\/pi_2018_n08_0010-2\/\"><img loading=\"lazy\" decoding=\"async\" width=\"16\" height=\"13\" class=\"wp-image-374\" style=\"width: 16px;\" src=\"https:\/\/percursoseideias.iscet.pt\/wp-content\/uploads\/2022\/03\/DoubleArrow_Right.jpg\" alt=\"\" srcset=\"https:\/\/percursoseideias.iscet.pt\/wp-content\/uploads\/2022\/03\/DoubleArrow_Right.jpg 1150w, https:\/\/percursoseideias.iscet.pt\/wp-content\/uploads\/2022\/03\/DoubleArrow_Right-300x239.jpg 300w, https:\/\/percursoseideias.iscet.pt\/wp-content\/uploads\/2022\/03\/DoubleArrow_Right-1024x816.jpg 1024w, https:\/\/percursoseideias.iscet.pt\/wp-content\/uploads\/2022\/03\/DoubleArrow_Right-768x612.jpg 768w\" sizes=\"auto, (max-width: 16px) 100vw, 16px\" \/><\/a><br><a href=\"https:\/\/percursoseideias.iscet.pt\/index.php\/archive\/\">Archive<\/a><br><a href=\"https:\/\/percursoseideias.iscet.pt\/index.php\/current-issues\/\">Current issue<\/a><\/p>\n<\/div>\n\n\n\n<div class=\"wp-block-column is-layout-flow wp-block-column-is-layout-flow\" style=\"flex-basis:66.66%\">\n<p style=\"font-size:30px\"><strong>Jogos com fronteiras: o regresso do proteccionismo e do mercantilismo<\/strong><\/p>\n\n\n\n<p class=\"has-medium-font-size\">Jos\u00e9 Pedro Teixeira Fernandes <a href=\"https:\/\/orcid.org\/0000-0002-5633-4443\" target=\"_blank\" rel=\"noreferrer noopener\"><img loading=\"lazy\" decoding=\"async\" width=\"15\" height=\"15\" class=\"wp-image-174\" style=\"width: 15px;\" src=\"https:\/\/percursoseideias.iscet.pt\/wp-content\/uploads\/2022\/03\/orcid-og-image.png\" alt=\"\" srcset=\"https:\/\/percursoseideias.iscet.pt\/wp-content\/uploads\/2022\/03\/orcid-og-image.png 263w, https:\/\/percursoseideias.iscet.pt\/wp-content\/uploads\/2022\/03\/orcid-og-image-150x150.png 150w, https:\/\/percursoseideias.iscet.pt\/wp-content\/uploads\/2022\/03\/orcid-og-image-80x80.png 80w\" sizes=\"auto, (max-width: 15px) 100vw, 15px\" \/><\/a> <a href=\"mailto:jfernandes@iscet.pt\" target=\"_blank\" rel=\"noreferrer noopener\"><img decoding=\"async\" class=\"wp-image-299\" style=\"width: 15px;\" src=\"http:\/\/magano.com\/percursoseideias\/wp-content\/uploads\/2022\/02\/envelope.png\" alt=\"\"><\/a><sup>1<\/sup><\/p>\n\n\n\n<p style=\"font-size:15px\"><sup>1<\/sup> ISCET &#8211; High Institute of Business and Tourism Sciences, Porto, Portugal<\/p>\n\n\n\n<p style=\"font-size:16px\"><\/p>\n\n\n\n<p style=\"font-size:16px\">To cite this text:<\/p>\n\n\n\n<p style=\"font-size:15px\">Fernandes, J. P. T. (2018), Jogos com fronteiras: o regresso do proteccionismo e do mercantilismo, <em>Percursos &amp; Ideias<\/em>, Vol. 8, pp. 55-62.<\/p>\n\n\n\n<p style=\"font-size:15px\"><a rel=\"noreferrer noopener\" href=\"https:\/\/percursoseideias.iscet.pt\/wp-content\/uploads\/2022\/03\/PI_2018_N08_0006.pdf\" target=\"_blank\">View full text PDF<\/a> <a rel=\"noreferrer noopener\" href=\"https:\/\/percursoseideias.iscet.pt\/wp-content\/uploads\/2022\/03\/PI_2018_N08_0006.pdf\" target=\"_blank\"><img decoding=\"async\" class=\"wp-image-213\" style=\"width: 20px;\" src=\"http:\/\/magano.com\/percursoseideias\/wp-content\/uploads\/2022\/02\/PDF_logo.jpeg\" alt=\"\"><\/a> <\/p>\n\n\n\n<p><strong>Abstract<\/strong><\/p>\n\n\n\n<p style=\"font-size:16px\">The paper reviews the main arguments that favor free trade and the opposition it \u2013 protectionism and mercantilism. In the current globalized world, buying or selling products in different parts of the world is part of the habits of companies and also of the consumers. But this kind of world is a political choice, not an economic inevitability, and created many discontents. The liberal conceptions underlying globalization have underestimated the negative effects on certain population groups and economic sectors. Further, the US and the European Union saw themselves as winners of globalization. They underestimated China and its (neo)mercantilist approach that benefited from the opening of markets by the WTO. Thus, an atmosphere of skepticism and opposition to the virtues of international free trade emerged in the USA and the European Union. Protectionism and (neo) mercantilism may not be mere past conceptions that have had a conjunctural revivalism in recent years. Probably, they are trends that will mark the 21st century international economy and politics.<\/p>\n\n\n\n<p><strong>Keywords<\/strong><\/p>\n\n\n\n<p style=\"font-size:16px\">Globalization, WTO, Free trade, Protectionism, Mercantilism.<\/p>\n\n\n\n<p><strong>References<\/strong><\/p>\n\n\n\n<p style=\"font-size:14px\">Bhagwati, Jagdish (2002), <em>Free Trade Today<\/em>, Princeton-New Jersey: Princeton University Press.<\/p>\n\n\n\n<p style=\"font-size:14px\">Ekelund, Robert B.; H\u00e9bert, Robert F. (1975 [1997]), <em>A History of Economic Theory and Method<\/em> (4<sup>th<\/sup> ed.), New York: MacGrew-Hill International Editions.<\/p>\n\n\n\n<p style=\"font-size:14px\">Fernandes, Jos\u00e9 Pedro Teixeira (2013), <em>Elementos de Economia Pol\u00edtica Internacional<\/em> (2\u00aa ed.), Coimbra: Almedina.<\/p>\n\n\n\n<p style=\"font-size:14px\">\u2013 (2016), \u201cO fim da globaliza\u00e7\u00e3o neoliberal?\u201d, <em>in<\/em> <em>P\u00fablico<\/em>, 16 de Novembro, [Consult. a 24.04.2018].&nbsp; Dispon\u00edvel em: <a href=\"https:\/\/www.publico.pt\/2016\/11\/16\/mundo\/opiniao\/o-fim-da-globalizacao-neoliberal-1751392\" target=\"_blank\" rel=\"noreferrer noopener\">https:\/\/www.publico.pt\/2016\/11\/16\/mundo\/opiniao\/o-fim-da-globalizacao-neoliberal-1751392<\/a><\/p>\n\n\n\n<p style=\"font-size:14px\">\u2013 (2017), \u201cO Futuro Incerto dos Acordos de Livre Com\u00e9rcio: O Caso da Parceria Transatl\u00e2ntica (TTIP)\u201d, <em>in<\/em> <em>Cadernos de Economia<\/em>, 118, pp. 21-24.<\/p>\n\n\n\n<p style=\"font-size:14px\">\u2013 (2018), \u201cAs guerras comerciais na luta pelo poder mundial\u201d, <em>in<\/em> <em>P\u00fablico<\/em>, 18 de Mar\u00e7o, [Consult. a 24.04.2018]. Dispon\u00edvel em: <a href=\"https:\/\/www.publico.pt\/2018\/03\/19\/mundo\/opiniao\/as-guerras-comerciais-na-luta-pelo-poder-mundial-1807225\" target=\"_blank\" rel=\"noreferrer noopener\">https:\/\/www.publico.pt\/2018\/03\/19\/mundo\/opiniao\/as-guerras-comerciais-na-luta-pelo-poder-mundial-1807225<\/a><\/p>\n\n\n\n<p style=\"font-size:14px\">Fletcher, Ian (2010 [2011]), <em>Free Trade Doesn\u2019t Work: What Should Replace it and Why<\/em> (2<sup>nd<\/sup> ed.), Washington: U.S. Business and Industry Council.<\/p>\n\n\n\n<p style=\"font-size:14px\">Kao, Joanna S.; Crooks, Ed; Pong, Jane (2018), \u201cWhat\u2019s at stake in the looming US-China trade war: the full list\u201d, <em>in<\/em> <em>Financial Times<\/em>, 17 de Abril, [Consult. a 24.04.2018]. Dispon\u00edvel em: <a href=\"https:\/\/ig.ft.com\/us-china-tariffs\/\" target=\"_blank\" rel=\"noreferrer noopener\">https:\/\/ig.ft.com\/us-china-tariffs\/<\/a><\/p>\n\n\n\n<p style=\"font-size:14px\">K\u00e9babdjian, G\u00e9rard (1976 [1999]), <em>Les Th\u00e9ories de l\u2019\u00c9conomie Politique Internationale<\/em>, Paris: \u00c9ditions du Seuil.<\/p>\n\n\n\n<p style=\"font-size:14px\">Medeiros, Eduardo R. (1984 [2007]), <em>Economia Internacional<\/em> (8<sup>a<\/sup> ed.), Lisboa: ISCSP-Universidade T\u00e9cnica de Lisboa.<\/p>\n\n\n\n<p style=\"font-size:14px\">Navarro, Peter; Autry, Greg (2015), <em>Death by China: Confronting the Dragon \u2013 A Global Call to Action<\/em>, Amherst NY: Prometheus Books.<\/p>\n\n\n\n<p style=\"font-size:14px\">Samuelson, Paul (2004), \u201cWhere Ricardo and Mill Rebut and Confirm Arguments of Mainstream Economists Supporting Globalization\u201d, <em>in Journal of Economic Perspectives<\/em>, 18 (3), pp. 135-146.<\/p>\n\n\n\n<p style=\"font-size:14px\">The Economist (2009), <em>The Return of Economic Nationalism<\/em>, 5 de Fevereiro, [Consult. a 24.04.2018]. Dispon\u00edvel em: <a href=\"https:\/\/www.economist.com\/node\/13061443\" target=\"_blank\" rel=\"noreferrer noopener\">https:\/\/www.economist.com\/node\/13061443<\/a><\/p>\n\n\n\n<p style=\"font-size:14px\">Wolf, Martin (2018), \u201cUS-China rivalry will shape the 21st century\u201d, <em>in<\/em> <em>Financial Times<\/em>, 10 de Abril, [Consult. a 24.04.2018]. Dispon\u00edvel em: <a href=\"https:\/\/www.ft.com\/content\/5f796164-3be1-11e8-b9f9-de94fa33a81e\" target=\"_blank\" rel=\"noreferrer noopener\">https:\/\/www.ft.com\/content\/5f796164-3be1-11e8-b9f9-de94fa33a81e<\/a><\/p>\n<\/div>\n<\/div>\n","protected":false},"excerpt":{"rendered":"<p>Contents ArchiveCurrent issue Jogos com fronteiras: o regresso do proteccionismo e do mercantilismo Jos\u00e9 Pedro Teixeira Fernandes 1 1 ISCET &#8211; High Institute of Business and Tourism Sciences, Porto, Portugal To cite this text:&#46;&#46;&#46;<\/p>\n","protected":false},"author":6,"featured_media":0,"parent":0,"menu_order":0,"comment_status":"closed","ping_status":"closed","template":"","meta":{"footnotes":""},"class_list":["post-697","page","type-page","status-publish","hentry"],"_links":{"self":[{"href":"https:\/\/percursoseideias.iscet.pt\/index.php\/wp-json\/wp\/v2\/pages\/697","targetHints":{"allow":["GET"]}}],"collection":[{"href":"https:\/\/percursoseideias.iscet.pt\/index.php\/wp-json\/wp\/v2\/pages"}],"about":[{"href":"https:\/\/percursoseideias.iscet.pt\/index.php\/wp-json\/wp\/v2\/types\/page"}],"author":[{"embeddable":true,"href":"https:\/\/percursoseideias.iscet.pt\/index.php\/wp-json\/wp\/v2\/users\/6"}],"replies":[{"embeddable":true,"href":"https:\/\/percursoseideias.iscet.pt\/index.php\/wp-json\/wp\/v2\/comments?post=697"}],"version-history":[{"count":5,"href":"https:\/\/percursoseideias.iscet.pt\/index.php\/wp-json\/wp\/v2\/pages\/697\/revisions"}],"predecessor-version":[{"id":2258,"href":"https:\/\/percursoseideias.iscet.pt\/index.php\/wp-json\/wp\/v2\/pages\/697\/revisions\/2258"}],"wp:attachment":[{"href":"https:\/\/percursoseideias.iscet.pt\/index.php\/wp-json\/wp\/v2\/media?parent=697"}],"curies":[{"name":"wp","href":"https:\/\/api.w.org\/{rel}","templated":true}]}}