{"id":3101,"date":"2026-01-06T00:11:24","date_gmt":"2026-01-06T00:11:24","guid":{"rendered":"https:\/\/percursoseideias.iscet.pt\/?page_id=3101"},"modified":"2026-01-06T11:23:01","modified_gmt":"2026-01-06T11:23:01","slug":"volume-14-2025-006","status":"publish","type":"page","link":"https:\/\/percursoseideias.iscet.pt\/index.php\/volume-14-2025-006\/","title":{"rendered":"Volume 14 -2025 (006)"},"content":{"rendered":"\n<div class=\"wp-block-columns is-layout-flex wp-container-core-columns-is-layout-9d6595d7 wp-block-columns-is-layout-flex\">\n<div class=\"wp-block-column is-layout-flow wp-block-column-is-layout-flow\" style=\"flex-basis:20%\">\n<figure class=\"wp-block-gallery has-nested-images columns-default is-cropped wp-block-gallery-1 is-layout-flex wp-block-gallery-is-layout-flex\">\n<figure class=\"wp-block-image size-large is-style-default\"><img loading=\"lazy\" decoding=\"async\" width=\"819\" height=\"1024\" data-id=\"3062\" src=\"https:\/\/percursoseideias.iscet.pt\/wp-content\/uploads\/2025\/12\/Capa-14-819x1024.jpg\" alt=\"\" class=\"wp-image-3062\" srcset=\"https:\/\/percursoseideias.iscet.pt\/wp-content\/uploads\/2025\/12\/Capa-14-819x1024.jpg 819w, https:\/\/percursoseideias.iscet.pt\/wp-content\/uploads\/2025\/12\/Capa-14-240x300.jpg 240w, https:\/\/percursoseideias.iscet.pt\/wp-content\/uploads\/2025\/12\/Capa-14-768x960.jpg 768w, https:\/\/percursoseideias.iscet.pt\/wp-content\/uploads\/2025\/12\/Capa-14.jpg 1080w\" sizes=\"auto, (max-width: 819px) 100vw, 819px\" \/><\/figure>\n<\/figure>\n\n\n\n<p class=\"has-text-align-center\" style=\"font-size:16px\"><a href=\"https:\/\/percursoseideias.iscet.pt\/index.php\/mp2022n120001\/\"><img loading=\"lazy\" decoding=\"async\" width=\"16\" height=\"13\" class=\"wp-image-373\" style=\"width: 16px;\" src=\"https:\/\/percursoseideias.iscet.pt\/wp-content\/uploads\/2022\/03\/DoubleArrow_Left.jpg\" alt=\"\" srcset=\"https:\/\/percursoseideias.iscet.pt\/wp-content\/uploads\/2022\/03\/DoubleArrow_Left.jpg 1150w, https:\/\/percursoseideias.iscet.pt\/wp-content\/uploads\/2022\/03\/DoubleArrow_Left-300x239.jpg 300w, https:\/\/percursoseideias.iscet.pt\/wp-content\/uploads\/2022\/03\/DoubleArrow_Left-1024x816.jpg 1024w, https:\/\/percursoseideias.iscet.pt\/wp-content\/uploads\/2022\/03\/DoubleArrow_Left-768x612.jpg 768w\" sizes=\"auto, (max-width: 16px) 100vw, 16px\" \/><\/a>  <a href=\"https:\/\/percursoseideias.iscet.pt\/index.php\/sol2022n120002\/\"><img loading=\"lazy\" decoding=\"async\" width=\"11\" height=\"12\" class=\"wp-image-371\" style=\"width: 11px;\" src=\"https:\/\/percursoseideias.iscet.pt\/wp-content\/uploads\/2022\/03\/Arrow_Left.jpg\" alt=\"\" srcset=\"https:\/\/percursoseideias.iscet.pt\/wp-content\/uploads\/2022\/03\/Arrow_Left.jpg 820w, https:\/\/percursoseideias.iscet.pt\/wp-content\/uploads\/2022\/03\/Arrow_Left-269x300.jpg 269w, https:\/\/percursoseideias.iscet.pt\/wp-content\/uploads\/2022\/03\/Arrow_Left-150x150.jpg 150w, https:\/\/percursoseideias.iscet.pt\/wp-content\/uploads\/2022\/03\/Arrow_Left-768x858.jpg 768w, https:\/\/percursoseideias.iscet.pt\/wp-content\/uploads\/2022\/03\/Arrow_Left-80x80.jpg 80w, https:\/\/percursoseideias.iscet.pt\/wp-content\/uploads\/2022\/03\/Arrow_Left-320x320.jpg 320w\" sizes=\"auto, (max-width: 11px) 100vw, 11px\" \/><\/a>  <a href=\"https:\/\/percursoseideias.iscet.pt\/index.php\/current-issues\/\">Contents<\/a>  <a href=\"https:\/\/percursoseideias.iscet.pt\/index.php\/ci2022n120004\/\"><img loading=\"lazy\" decoding=\"async\" width=\"11\" height=\"12\" class=\"wp-image-372\" style=\"width: 11px;\" src=\"https:\/\/percursoseideias.iscet.pt\/wp-content\/uploads\/2022\/03\/Arrow_Right.jpg\" alt=\"\" srcset=\"https:\/\/percursoseideias.iscet.pt\/wp-content\/uploads\/2022\/03\/Arrow_Right.jpg 820w, https:\/\/percursoseideias.iscet.pt\/wp-content\/uploads\/2022\/03\/Arrow_Right-269x300.jpg 269w, https:\/\/percursoseideias.iscet.pt\/wp-content\/uploads\/2022\/03\/Arrow_Right-150x150.jpg 150w, https:\/\/percursoseideias.iscet.pt\/wp-content\/uploads\/2022\/03\/Arrow_Right-768x858.jpg 768w, https:\/\/percursoseideias.iscet.pt\/wp-content\/uploads\/2022\/03\/Arrow_Right-80x80.jpg 80w, https:\/\/percursoseideias.iscet.pt\/wp-content\/uploads\/2022\/03\/Arrow_Right-320x320.jpg 320w\" sizes=\"auto, (max-width: 11px) 100vw, 11px\" \/><\/a>  <a href=\"https:\/\/percursoseideias.iscet.pt\/index.php\/sol2022n120012\/\"><img loading=\"lazy\" decoding=\"async\" width=\"16\" height=\"13\" class=\"wp-image-374\" style=\"width: 16px;\" src=\"https:\/\/percursoseideias.iscet.pt\/wp-content\/uploads\/2022\/03\/DoubleArrow_Right.jpg\" alt=\"\" srcset=\"https:\/\/percursoseideias.iscet.pt\/wp-content\/uploads\/2022\/03\/DoubleArrow_Right.jpg 1150w, https:\/\/percursoseideias.iscet.pt\/wp-content\/uploads\/2022\/03\/DoubleArrow_Right-300x239.jpg 300w, https:\/\/percursoseideias.iscet.pt\/wp-content\/uploads\/2022\/03\/DoubleArrow_Right-1024x816.jpg 1024w, https:\/\/percursoseideias.iscet.pt\/wp-content\/uploads\/2022\/03\/DoubleArrow_Right-768x612.jpg 768w\" sizes=\"auto, (max-width: 16px) 100vw, 16px\" \/><\/a><br><a href=\"https:\/\/percursoseideias.iscet.pt\/index.php\/archive\/\">Archive<\/a><\/p>\n<\/div>\n\n\n\n<div class=\"wp-block-column is-layout-flow wp-block-column-is-layout-flow\" style=\"flex-basis:66.66%\">\n<p style=\"font-size:30px\">O recurso \u00e0 intelig\u00eancia artificial nos contratos de ades\u00e3o e pr\u00e1ticas comerciais (publicidade e marketing) na sociedade de consumo p\u00f3s-moderna<\/p>\n\n\n\n<p class=\"has-medium-font-size\">Marcelino Abreu<\/p>\n\n\n\n<p style=\"font-size:15px\"><sup>1<\/sup> ISCET &#8211; High Institute of Business and Tourism Sciences, Porto, Portugal<\/p>\n\n\n\n<p style=\"font-size:16px\">To cite this text: Abreu, M. (2025). O recurso \u00e0 intelig\u00eancia artificial nos contratos de ades\u00e3o e<br>pr\u00e1ticas comerciais (publicidade e marketing) na sociedade de<br>consumo p\u00f3s-moderna, <em>Percursos &amp; Ideias<\/em>, <em>1<\/em>4, 55-69.<\/p>\n\n\n\n<p style=\"font-size:15px\">doi: 10.56123\/pi2025n14006<\/p>\n\n\n\n<p style=\"font-size:15px\">Published Language: Portuguese.<\/p>\n\n\n\n<p style=\"font-size:15px\">Section: <\/p>\n\n\n\n<p style=\"font-size:15px\"><a href=\"https:\/\/percursoseideias.iscet.pt\/wp-content\/uploads\/2026\/01\/pi2025n14006.pdf\" data-type=\"attachment\" data-id=\"3109\">View Full Text PDF <img decoding=\"async\" class=\"wp-image-213\" style=\"width: 20px;\" src=\"http:\/\/magano.com\/percursoseideias\/wp-content\/uploads\/2022\/02\/PDF_logo.jpeg\" alt=\"\"><\/a><\/p>\n\n\n\n<p><strong>Abstract<\/strong><\/p>\n\n\n\n<p style=\"font-size:16px\">This article critically examines the impact of artificial intelligence on commercial practices and adhesion contracts within a globalised consumer society characterised by a high level of risk. It analyses how AI is used by economic operators to influence consumer behaviour through personalised marketing strategies and automated contract formation, frequently intensifying unfair commercial practices. This development challenges the traditional foundations of consumer law, particularly with regard to the protection of contractual intent and the fulfilment of duties of communication and information.<\/p>\n\n\n\n<p style=\"font-size:16px\">The analysis further addresses the legal implications of contracting through autonomous artificial intelligence systems, questioning the applicability of conventional legal frameworks to non-human declarations of intent. It also examines civil liability for damages arising from the use of AI, highlighting the growing need for regulatory reform to ensure contractual transparency, integrity in commercial practices, and effective consumer protection. The discussion is grounded in national and European legislation, with particular emphasis on recent regulatory developments concerning artificial intelligence and defective product liability, as well as a critical review of relevant doctrinal contributions.<\/p>\n\n\n\n<p style=\"font-size:16px\"><strong>Keywords<\/strong><\/p>\n\n\n\n<p style=\"font-size:16px\">Artificial Intelligence, Unfair commercial practices, Adhesion contracts, Civil liability.<\/p>\n\n\n\n<p style=\"font-size:16px\"><strong>References<\/strong><\/p>\n\n\n\nBeck, U. (2006). Vivendo na sociedade mundial de risco: Uma Palestra P\u00fablica Memorial Hobhouse realizada em 15 de fevereiro de 2006 na London School of Economics. <em>Economia e Sociedade<\/em>, 35(3), 329\u2013345.\n<a href=\"https:\/\/doi.org\/10.1080\/03085140600844902\" target=\"_blank\" rel=\"noopener\">https:\/\/doi.org\/10.1080\/03085140600844902\n<\/a>\n\n<br><br>\n\nBeck, U. (2010). <em>Sociedade de risco: Rumo a uma outra modernidade<\/em> (tradu\u00e7\u00e3o de Sebasti\u00e3o Nascimento). Editora 34.\n\n<br><br>\n\nCampos, J. M., &#038; Campos, J. L. M. (2010). <em>Manual de Direito Europeu<\/em>. Coimbra Editora.\n\n<br><br>\n\nCarvalho, J. M. (2011). Pr\u00e1ticas comerciais desleais das empresas face aos consumidores. <em>Revista de Direito da Sociedade<\/em>, III(1), 187\u2013219.\n\n<br><br>\n\nCosta, J. F. (2003). <em>Direito Penal Econ\u00f3mico<\/em>. Quarteto.\n\n<br><br>\n\nCosta, M. J. A., &#038; Cordeiro, A. M. (1995). <em>Cl\u00e1usulas contratuais gerais: Anota\u00e7\u00e3o ao Decreto-Lei n.\u00ba 446\/85, de 25 de outubro<\/em>. Almedina.\n\n<br><br>\n\nDias, A. S. (2001). <em>Prote\u00e7\u00e3o jur\u00eddico-penal de interesses dos consumidores<\/em>. Faculdade de Direito da Universidade de Coimbra.\n\n<br><br>\n\nDias, J. F. (2001). <em>Temas b\u00e1sicos da doutrina penal: Sobre os fundamentos da doutrina penal e sobre a doutrina geral do crime<\/em>. Coimbra Editora.\n\n<br><br>\n\nDomingues, J. O., et al. (2021). <em>Intelig\u00eancia artificial nas rela\u00e7\u00f5es de consumo: Reflex\u00f5es \u00e0 luz do hist\u00f3rico recente<\/em>.\n<a href=\"https:\/\/www.direitorp.usp.br\/wp-content\/uploads\/2021\/11\/AI-nas-Relacoes-de-consumo_final.pdf\" target=\"_blank\" rel=\"noopener\">https:\/\/www.direitorp.usp.br\/wp-content\/uploads\/2021\/11\/AI-nas-Relacoes-de-consumo_final.pdf\n<\/a>\n\n<br><br>\n\nFernandes, P. S. (2001). <em>Globaliza\u00e7\u00e3o, \u201csociedade de risco\u201d e o futuro do Direito Penal: Panor\u00e2mica de alguns problemas comuns<\/em>. Almedina.\n\n<br><br>\n\nGarcia, S. F. (2014). <em>As pr\u00e1ticas comerciais desleais: Uma visita guiada pelo regime portugu\u00eas<\/em> [Disserta\u00e7\u00e3o de mestrado, Universidade Nova de Lisboa].\n<a href=\"https:\/\/run.unl.pt\/bitstream\/10362\/15198\/1\/Garcia_2014.pdf\" target=\"_blank\" rel=\"noopener\">https:\/\/run.unl.pt\/bitstream\/10362\/15198\/1\/Garcia_2014.pdf\n<\/a>\n\n<br><br>\n\nGaspar, H. (1995). Relev\u00e2ncia criminal de pr\u00e1ticas contr\u00e1rias aos interesses dos consumidores. <em>Boletim do Minist\u00e9rio da Justi\u00e7a<\/em>, 448.\n\n<br><br>\n\nLeit\u00e3o, L. M. (2016). A revis\u00e3o do regime das pr\u00e1ticas comerciais desleais. In J. M. Carvalho (Coord.), <em>I Congresso de Direito do Consumo<\/em> (pp. 73\u201394). Almedina.\n\n<br><br>\n\nMadaleno, C. S. C. (s.d.). <em>A responsabilidade obrigacional objetiva por facto de outrem<\/em>.\n<a href=\"http:\/\/hdl.handle.net\/10451\/22242\" target=\"_blank\" rel=\"noopener\">http:\/\/hdl.handle.net\/10451\/22242\n<\/a>\n\n<br><br>\n\nMonte, M. F. (1996). <em>Da prote\u00e7\u00e3o penal do consumidor: O problema da (des)criminaliza\u00e7\u00e3o no incitamento ao consumo<\/em>. Almedina.\n\n<br><br>\n\nMonteiro, A. P. (2020). <em>Direito e rob\u00f3tica<\/em>. Centro de Direito do Consumo, Faculdade de Direito da Universidade de Coimbra.\n\n<br><br>\n\nPegado Liz, J. (2005). A \u201clealdade\u201d no com\u00e9rcio ou as desventuras de uma iniciativa comunit\u00e1ria (an\u00e1lise cr\u00edtica da Diretiva 2005\/29\/CE). <em>Revista Portuguesa de Direito do Consumo<\/em>, 44, 17\u201394.\n\n<br><br>\n\nSilva, C. (1990). <em>Responsabilidade civil do produtor<\/em>. Almedina.\n\n<br><br>\n\nVendrame Pereira, U., &#038; Teixeira, T. (2019). Intelig\u00eancia artificial: a quem atribuir responsabilidade? <em>Revista de Direitos e Garantias Fundamentais<\/em>, 20(2), 119\u2013142.\n<a href=\"https:\/\/doi.org\/10.18759\/rdgf.v20i2.1523\" target=\"_blank\" rel=\"noopener\">https:\/\/doi.org\/10.18759\/rdgf.v20i2.1523\n<\/a>\n<\/div>\n<\/div>\n","protected":false},"excerpt":{"rendered":"<p>Contents Archive O recurso \u00e0 intelig\u00eancia artificial nos contratos de ades\u00e3o e pr\u00e1ticas comerciais (publicidade e marketing) na sociedade de consumo p\u00f3s-moderna Marcelino Abreu 1 ISCET &#8211; High Institute of Business and Tourism Sciences,&#46;&#46;&#46;<\/p>\n","protected":false},"author":3,"featured_media":0,"parent":0,"menu_order":0,"comment_status":"closed","ping_status":"closed","template":"","meta":{"footnotes":""},"class_list":["post-3101","page","type-page","status-publish","hentry"],"_links":{"self":[{"href":"https:\/\/percursoseideias.iscet.pt\/index.php\/wp-json\/wp\/v2\/pages\/3101","targetHints":{"allow":["GET"]}}],"collection":[{"href":"https:\/\/percursoseideias.iscet.pt\/index.php\/wp-json\/wp\/v2\/pages"}],"about":[{"href":"https:\/\/percursoseideias.iscet.pt\/index.php\/wp-json\/wp\/v2\/types\/page"}],"author":[{"embeddable":true,"href":"https:\/\/percursoseideias.iscet.pt\/index.php\/wp-json\/wp\/v2\/users\/3"}],"replies":[{"embeddable":true,"href":"https:\/\/percursoseideias.iscet.pt\/index.php\/wp-json\/wp\/v2\/comments?post=3101"}],"version-history":[{"count":5,"href":"https:\/\/percursoseideias.iscet.pt\/index.php\/wp-json\/wp\/v2\/pages\/3101\/revisions"}],"predecessor-version":[{"id":3150,"href":"https:\/\/percursoseideias.iscet.pt\/index.php\/wp-json\/wp\/v2\/pages\/3101\/revisions\/3150"}],"wp:attachment":[{"href":"https:\/\/percursoseideias.iscet.pt\/index.php\/wp-json\/wp\/v2\/media?parent=3101"}],"curies":[{"name":"wp","href":"https:\/\/api.w.org\/{rel}","templated":true}]}}

<div class="wp-block-columns is-layout-flex wp-container-core-columns-is-layout-9d6595d7 wp-block-columns-is-layout-flex">
<div class="wp-block-column is-layout-flow wp-block-column-is-layout-flow" style="flex-basis:20%">
<figure class="wp-block-gallery has-nested-images columns-default is-cropped wp-block-gallery-1 is-layout-flex wp-block-gallery-is-layout-flex">
<figure class="wp-block-image size-large is-style-default"><img loading="lazy" decoding="async" width="819" height="1024" data-id="3062" src="https://percursoseideias.iscet.pt/wp-content/uploads/2025/12/Capa-14-819x1024.jpg" alt="" class="wp-image-3062" srcset="https://percursoseideias.iscet.pt/wp-content/uploads/2025/12/Capa-14-819x1024.jpg 819w, https://percursoseideias.iscet.pt/wp-content/uploads/2025/12/Capa-14-240x300.jpg 240w, https://percursoseideias.iscet.pt/wp-content/uploads/2025/12/Capa-14-768x960.jpg 768w, https://percursoseideias.iscet.pt/wp-content/uploads/2025/12/Capa-14.jpg 1080w" sizes="auto, (max-width: 819px) 100vw, 819px" /></figure>
</figure>



<p class="has-text-align-center" style="font-size:16px"><a href="https://percursoseideias.iscet.pt/index.php/mp2022n120001/"><img loading="lazy" decoding="async" width="16" height="13" class="wp-image-373" style="width: 16px;" src="https://percursoseideias.iscet.pt/wp-content/uploads/2022/03/DoubleArrow_Left.jpg" alt="" srcset="https://percursoseideias.iscet.pt/wp-content/uploads/2022/03/DoubleArrow_Left.jpg 1150w, https://percursoseideias.iscet.pt/wp-content/uploads/2022/03/DoubleArrow_Left-300x239.jpg 300w, https://percursoseideias.iscet.pt/wp-content/uploads/2022/03/DoubleArrow_Left-1024x816.jpg 1024w, https://percursoseideias.iscet.pt/wp-content/uploads/2022/03/DoubleArrow_Left-768x612.jpg 768w" sizes="auto, (max-width: 16px) 100vw, 16px" /></a>  <a href="https://percursoseideias.iscet.pt/index.php/sol2022n120002/"><img loading="lazy" decoding="async" width="11" height="12" class="wp-image-371" style="width: 11px;" src="https://percursoseideias.iscet.pt/wp-content/uploads/2022/03/Arrow_Left.jpg" alt="" srcset="https://percursoseideias.iscet.pt/wp-content/uploads/2022/03/Arrow_Left.jpg 820w, https://percursoseideias.iscet.pt/wp-content/uploads/2022/03/Arrow_Left-269x300.jpg 269w, https://percursoseideias.iscet.pt/wp-content/uploads/2022/03/Arrow_Left-150x150.jpg 150w, https://percursoseideias.iscet.pt/wp-content/uploads/2022/03/Arrow_Left-768x858.jpg 768w, https://percursoseideias.iscet.pt/wp-content/uploads/2022/03/Arrow_Left-80x80.jpg 80w, https://percursoseideias.iscet.pt/wp-content/uploads/2022/03/Arrow_Left-320x320.jpg 320w" sizes="auto, (max-width: 11px) 100vw, 11px" /></a>  <a href="https://percursoseideias.iscet.pt/index.php/current-issues/">Contents</a>  <a href="https://percursoseideias.iscet.pt/index.php/ci2022n120004/"><img loading="lazy" decoding="async" width="11" height="12" class="wp-image-372" style="width: 11px;" src="https://percursoseideias.iscet.pt/wp-content/uploads/2022/03/Arrow_Right.jpg" alt="" srcset="https://percursoseideias.iscet.pt/wp-content/uploads/2022/03/Arrow_Right.jpg 820w, https://percursoseideias.iscet.pt/wp-content/uploads/2022/03/Arrow_Right-269x300.jpg 269w, https://percursoseideias.iscet.pt/wp-content/uploads/2022/03/Arrow_Right-150x150.jpg 150w, https://percursoseideias.iscet.pt/wp-content/uploads/2022/03/Arrow_Right-768x858.jpg 768w, https://percursoseideias.iscet.pt/wp-content/uploads/2022/03/Arrow_Right-80x80.jpg 80w, https://percursoseideias.iscet.pt/wp-content/uploads/2022/03/Arrow_Right-320x320.jpg 320w" sizes="auto, (max-width: 11px) 100vw, 11px" /></a>  <a href="https://percursoseideias.iscet.pt/index.php/sol2022n120012/"><img loading="lazy" decoding="async" width="16" height="13" class="wp-image-374" style="width: 16px;" src="https://percursoseideias.iscet.pt/wp-content/uploads/2022/03/DoubleArrow_Right.jpg" alt="" srcset="https://percursoseideias.iscet.pt/wp-content/uploads/2022/03/DoubleArrow_Right.jpg 1150w, https://percursoseideias.iscet.pt/wp-content/uploads/2022/03/DoubleArrow_Right-300x239.jpg 300w, https://percursoseideias.iscet.pt/wp-content/uploads/2022/03/DoubleArrow_Right-1024x816.jpg 1024w, https://percursoseideias.iscet.pt/wp-content/uploads/2022/03/DoubleArrow_Right-768x612.jpg 768w" sizes="auto, (max-width: 16px) 100vw, 16px" /></a><br><a href="https://percursoseideias.iscet.pt/index.php/archive/">Archive</a></p>
</div>



<div class="wp-block-column is-layout-flow wp-block-column-is-layout-flow" style="flex-basis:66.66%">
<p style="font-size:30px">O recurso à inteligência artificial nos contratos de adesão e práticas comerciais (publicidade e marketing) na sociedade de consumo pós-moderna</p>



<p class="has-medium-font-size">Marcelino Abreu</p>



<p style="font-size:15px"><sup>1</sup> ISCET &#8211; High Institute of Business and Tourism Sciences, Porto, Portugal</p>



<p style="font-size:16px">To cite this text: Abreu, M. (2025). O recurso à inteligência artificial nos contratos de adesão e<br>práticas comerciais (publicidade e marketing) na sociedade de<br>consumo pós-moderna, <em>Percursos &amp; Ideias</em>, <em>1</em>4, 55-69.</p>



<p style="font-size:15px">doi: 10.56123/pi2025n14006</p>



<p style="font-size:15px">Published Language: Portuguese.</p>



<p style="font-size:15px">Section: </p>



<p style="font-size:15px"><a href="https://percursoseideias.iscet.pt/wp-content/uploads/2026/01/pi2025n14006.pdf" data-type="attachment" data-id="3109">View Full Text PDF <img decoding="async" class="wp-image-213" style="width: 20px;" src="http://magano.com/percursoseideias/wp-content/uploads/2022/02/PDF_logo.jpeg" alt=""></a></p>



<p><strong>Abstract</strong></p>



<p style="font-size:16px">This article critically examines the impact of artificial intelligence on commercial practices and adhesion contracts within a globalised consumer society characterised by a high level of risk. It analyses how AI is used by economic operators to influence consumer behaviour through personalised marketing strategies and automated contract formation, frequently intensifying unfair commercial practices. This development challenges the traditional foundations of consumer law, particularly with regard to the protection of contractual intent and the fulfilment of duties of communication and information.</p>



<p style="font-size:16px">The analysis further addresses the legal implications of contracting through autonomous artificial intelligence systems, questioning the applicability of conventional legal frameworks to non-human declarations of intent. It also examines civil liability for damages arising from the use of AI, highlighting the growing need for regulatory reform to ensure contractual transparency, integrity in commercial practices, and effective consumer protection. The discussion is grounded in national and European legislation, with particular emphasis on recent regulatory developments concerning artificial intelligence and defective product liability, as well as a critical review of relevant doctrinal contributions.</p>



<p style="font-size:16px"><strong>Keywords</strong></p>



<p style="font-size:16px">Artificial Intelligence, Unfair commercial practices, Adhesion contracts, Civil liability.</p>



<p style="font-size:16px"><strong>References</strong></p>



Beck, U. (2006). Vivendo na sociedade mundial de risco: Uma Palestra Pública Memorial Hobhouse realizada em 15 de fevereiro de 2006 na London School of Economics. <em>Economia e Sociedade</em>, 35(3), 329–345.
<a href="https://doi.org/10.1080/03085140600844902" target="_blank" rel="noopener">https://doi.org/10.1080/03085140600844902
</a>

<br><br>

Beck, U. (2010). <em>Sociedade de risco: Rumo a uma outra modernidade</em> (tradução de Sebastião Nascimento). Editora 34.

<br><br>

Campos, J. M., &#038; Campos, J. L. M. (2010). <em>Manual de Direito Europeu</em>. Coimbra Editora.

<br><br>

Carvalho, J. M. (2011). Práticas comerciais desleais das empresas face aos consumidores. <em>Revista de Direito da Sociedade</em>, III(1), 187–219.

<br><br>

Costa, J. F. (2003). <em>Direito Penal Económico</em>. Quarteto.

<br><br>

Costa, M. J. A., &#038; Cordeiro, A. M. (1995). <em>Cláusulas contratuais gerais: Anotação ao Decreto-Lei n.º 446/85, de 25 de outubro</em>. Almedina.

<br><br>

Dias, A. S. (2001). <em>Proteção jurídico-penal de interesses dos consumidores</em>. Faculdade de Direito da Universidade de Coimbra.

<br><br>

Dias, J. F. (2001). <em>Temas básicos da doutrina penal: Sobre os fundamentos da doutrina penal e sobre a doutrina geral do crime</em>. Coimbra Editora.

<br><br>

Domingues, J. O., et al. (2021). <em>Inteligência artificial nas relações de consumo: Reflexões à luz do histórico recente</em>.
<a href="https://www.direitorp.usp.br/wp-content/uploads/2021/11/AI-nas-Relacoes-de-consumo_final.pdf" target="_blank" rel="noopener">https://www.direitorp.usp.br/wp-content/uploads/2021/11/AI-nas-Relacoes-de-consumo_final.pdf
</a>

<br><br>

Fernandes, P. S. (2001). <em>Globalização, “sociedade de risco” e o futuro do Direito Penal: Panorâmica de alguns problemas comuns</em>. Almedina.

<br><br>

Garcia, S. F. (2014). <em>As práticas comerciais desleais: Uma visita guiada pelo regime português</em> [Dissertação de mestrado, Universidade Nova de Lisboa].
<a href="https://run.unl.pt/bitstream/10362/15198/1/Garcia_2014.pdf" target="_blank" rel="noopener">https://run.unl.pt/bitstream/10362/15198/1/Garcia_2014.pdf
</a>

<br><br>

Gaspar, H. (1995). Relevância criminal de práticas contrárias aos interesses dos consumidores. <em>Boletim do Ministério da Justiça</em>, 448.

<br><br>

Leitão, L. M. (2016). A revisão do regime das práticas comerciais desleais. In J. M. Carvalho (Coord.), <em>I Congresso de Direito do Consumo</em> (pp. 73–94). Almedina.

<br><br>

Madaleno, C. S. C. (s.d.). <em>A responsabilidade obrigacional objetiva por facto de outrem</em>.
<a href="http://hdl.handle.net/10451/22242" target="_blank" rel="noopener">http://hdl.handle.net/10451/22242
</a>

<br><br>

Monte, M. F. (1996). <em>Da proteção penal do consumidor: O problema da (des)criminalização no incitamento ao consumo</em>. Almedina.

<br><br>

Monteiro, A. P. (2020). <em>Direito e robótica</em>. Centro de Direito do Consumo, Faculdade de Direito da Universidade de Coimbra.

<br><br>

Pegado Liz, J. (2005). A “lealdade” no comércio ou as desventuras de uma iniciativa comunitária (análise crítica da Diretiva 2005/29/CE). <em>Revista Portuguesa de Direito do Consumo</em>, 44, 17–94.

<br><br>

Silva, C. (1990). <em>Responsabilidade civil do produtor</em>. Almedina.

<br><br>

Vendrame Pereira, U., &#038; Teixeira, T. (2019). Inteligência artificial: a quem atribuir responsabilidade? <em>Revista de Direitos e Garantias Fundamentais</em>, 20(2), 119–142.
<a href="https://doi.org/10.18759/rdgf.v20i2.1523" target="_blank" rel="noopener">https://doi.org/10.18759/rdgf.v20i2.1523
</a>
</div>
</div>

<p>Contents Archive O recurso à inteligência artificial nos contratos de adesão e práticas comerciais (publicidade e marketing) na sociedade de consumo pós-moderna Marcelino Abreu 1 ISCET &#8211; High Institute of Business and Tourism Sciences,&#46;&#46;&#46;</p>
