{"id":3046,"date":"2025-11-14T19:14:55","date_gmt":"2025-11-14T19:14:55","guid":{"rendered":"https:\/\/percursoseideias.iscet.pt\/?page_id=3046"},"modified":"2025-11-14T19:36:59","modified_gmt":"2025-11-14T19:36:59","slug":"atas-do-congresso-internacional-o-futuro-com-ia-desafios-e-oportunidades","status":"publish","type":"page","link":"https:\/\/percursoseideias.iscet.pt\/index.php\/atas-do-congresso-internacional-o-futuro-com-ia-desafios-e-oportunidades\/","title":{"rendered":"Atas do Congresso Internacional \u201cO Futuro com IA: Desafios e Oportunidades\u201d"},"content":{"rendered":"\n<div class=\"wp-block-columns is-layout-flex wp-container-core-columns-is-layout-9d6595d7 wp-block-columns-is-layout-flex\">\n<div class=\"wp-block-column is-layout-flow wp-block-column-is-layout-flow\" style=\"flex-basis:20%\">\n<figure class=\"wp-block-image size-full\"><img loading=\"lazy\" decoding=\"async\" width=\"565\" height=\"707\" src=\"https:\/\/percursoseideias.iscet.pt\/wp-content\/uploads\/2025\/11\/Captura-de-ecra-2025-11-14-191519.png\" alt=\"\" class=\"wp-image-3048\" srcset=\"https:\/\/percursoseideias.iscet.pt\/wp-content\/uploads\/2025\/11\/Captura-de-ecra-2025-11-14-191519.png 565w, https:\/\/percursoseideias.iscet.pt\/wp-content\/uploads\/2025\/11\/Captura-de-ecra-2025-11-14-191519-240x300.png 240w\" sizes=\"auto, (max-width: 565px) 100vw, 565px\" \/><\/figure>\n\n\n\n<p class=\"has-text-align-center\" style=\"font-size:16px\"><a href=\"https:\/\/percursoseideias.iscet.pt\/index.php\/mp2022n120001\/\"><img loading=\"lazy\" decoding=\"async\" width=\"16\" height=\"13\" class=\"wp-image-373\" style=\"width: 16px;\" src=\"https:\/\/percursoseideias.iscet.pt\/wp-content\/uploads\/2022\/03\/DoubleArrow_Left.jpg\" alt=\"\" srcset=\"https:\/\/percursoseideias.iscet.pt\/wp-content\/uploads\/2022\/03\/DoubleArrow_Left.jpg 1150w, https:\/\/percursoseideias.iscet.pt\/wp-content\/uploads\/2022\/03\/DoubleArrow_Left-300x239.jpg 300w, https:\/\/percursoseideias.iscet.pt\/wp-content\/uploads\/2022\/03\/DoubleArrow_Left-1024x816.jpg 1024w, https:\/\/percursoseideias.iscet.pt\/wp-content\/uploads\/2022\/03\/DoubleArrow_Left-768x612.jpg 768w\" sizes=\"auto, (max-width: 16px) 100vw, 16px\" \/><\/a>  <a href=\"https:\/\/percursoseideias.iscet.pt\/index.php\/ci2022n120004\/\"><img loading=\"lazy\" decoding=\"async\" width=\"11\" height=\"12\" class=\"wp-image-371\" style=\"width: 11px;\" src=\"https:\/\/percursoseideias.iscet.pt\/wp-content\/uploads\/2022\/03\/Arrow_Left.jpg\" alt=\"\" srcset=\"https:\/\/percursoseideias.iscet.pt\/wp-content\/uploads\/2022\/03\/Arrow_Left.jpg 820w, https:\/\/percursoseideias.iscet.pt\/wp-content\/uploads\/2022\/03\/Arrow_Left-269x300.jpg 269w, https:\/\/percursoseideias.iscet.pt\/wp-content\/uploads\/2022\/03\/Arrow_Left-150x150.jpg 150w, https:\/\/percursoseideias.iscet.pt\/wp-content\/uploads\/2022\/03\/Arrow_Left-768x858.jpg 768w, https:\/\/percursoseideias.iscet.pt\/wp-content\/uploads\/2022\/03\/Arrow_Left-80x80.jpg 80w, https:\/\/percursoseideias.iscet.pt\/wp-content\/uploads\/2022\/03\/Arrow_Left-320x320.jpg 320w\" sizes=\"auto, (max-width: 11px) 100vw, 11px\" \/><\/a>  <a href=\"https:\/\/percursoseideias.iscet.pt\/index.php\/current-issues\/\">Contents<\/a>  <a href=\"https:\/\/percursoseideias.iscet.pt\/index.php\/tur2022n120006\/\"><img loading=\"lazy\" decoding=\"async\" width=\"11\" height=\"12\" class=\"wp-image-372\" style=\"width: 11px;\" src=\"https:\/\/percursoseideias.iscet.pt\/wp-content\/uploads\/2022\/03\/Arrow_Right.jpg\" alt=\"\" srcset=\"https:\/\/percursoseideias.iscet.pt\/wp-content\/uploads\/2022\/03\/Arrow_Right.jpg 820w, https:\/\/percursoseideias.iscet.pt\/wp-content\/uploads\/2022\/03\/Arrow_Right-269x300.jpg 269w, https:\/\/percursoseideias.iscet.pt\/wp-content\/uploads\/2022\/03\/Arrow_Right-150x150.jpg 150w, https:\/\/percursoseideias.iscet.pt\/wp-content\/uploads\/2022\/03\/Arrow_Right-768x858.jpg 768w, https:\/\/percursoseideias.iscet.pt\/wp-content\/uploads\/2022\/03\/Arrow_Right-80x80.jpg 80w, https:\/\/percursoseideias.iscet.pt\/wp-content\/uploads\/2022\/03\/Arrow_Right-320x320.jpg 320w\" sizes=\"auto, (max-width: 11px) 100vw, 11px\" \/><\/a>  <a href=\"https:\/\/percursoseideias.iscet.pt\/index.php\/sol2022n120012\/\"><img loading=\"lazy\" decoding=\"async\" width=\"16\" height=\"13\" class=\"wp-image-374\" style=\"width: 16px;\" src=\"https:\/\/percursoseideias.iscet.pt\/wp-content\/uploads\/2022\/03\/DoubleArrow_Right.jpg\" alt=\"\" srcset=\"https:\/\/percursoseideias.iscet.pt\/wp-content\/uploads\/2022\/03\/DoubleArrow_Right.jpg 1150w, https:\/\/percursoseideias.iscet.pt\/wp-content\/uploads\/2022\/03\/DoubleArrow_Right-300x239.jpg 300w, https:\/\/percursoseideias.iscet.pt\/wp-content\/uploads\/2022\/03\/DoubleArrow_Right-1024x816.jpg 1024w, https:\/\/percursoseideias.iscet.pt\/wp-content\/uploads\/2022\/03\/DoubleArrow_Right-768x612.jpg 768w\" sizes=\"auto, (max-width: 16px) 100vw, 16px\" \/><\/a><br><a href=\"https:\/\/percursoseideias.iscet.pt\/index.php\/archive\/\">Archive<\/a><\/p>\n<\/div>\n\n\n\n<div class=\"wp-block-column is-layout-flow wp-block-column-is-layout-flow\" style=\"flex-basis:66.66%\">\n<p style=\"font-size:30px\"><strong>Atas do Congresso Internacional \u201cO Futuro com IA: Desafios e Oportunidades\u201d<\/strong><\/p>\n\n\n\n<p class=\"has-medium-font-size\"> Melanie Oliveira Neiva Santos<a href=\"mailto:academiadasemocoes@gmail.com\" target=\"_blank\" rel=\"noreferrer noopener\"><img decoding=\"async\" class=\"wp-image-299\" style=\"width: 15px;\" src=\"http:\/\/magano.com\/percursoseideias\/wp-content\/uploads\/2022\/02\/envelope.png\" alt=\"\"><\/a> and Filipe Alexandre Pereira Duarte<a href=\"mailto:lferreira@iscet.pt\" target=\"_blank\" rel=\"noreferrer noopener\"><img decoding=\"async\" class=\"wp-image-299\" style=\"width: 15px;\" src=\"http:\/\/magano.com\/percursoseideias\/wp-content\/uploads\/2022\/02\/envelope.png\" alt=\"\"><\/a><\/p>\n\n\n\n<p style=\"font-size:15px\">Coordena\u00e7\u00e3o: Melanie Oliveira Neiva Santos e Filipe Alexandre Pereira Duarte<\/p>\n\n\n\n<p style=\"font-size:15px\">doi:10.56123\/atas-do-congresso-internacional-o-futuro-com-ia-desafios-e-oportunidades<\/p>\n\n\n\n<p style=\"font-size:15px\">Published may 2025. Language: Portuguese.<\/p>\n\n\n\n<p style=\"font-size:15px\"><a href=\"https:\/\/percursoseideias.iscet.pt\/articles\/mp2022n120005.pdf\" target=\"_blank\" rel=\"noreferrer noopener\"><img decoding=\"async\" class=\"wp-image-213\" style=\"width: 20px;\" src=\"http:\/\/magano.com\/percursoseideias\/wp-content\/uploads\/2022\/02\/PDF_logo.jpeg\" alt=\"\"><\/a><\/p>\n\n\n\n<div class=\"wp-block-file\"><a id=\"wp-block-file--media-ac424807-e325-429d-9505-49d75700a051\" href=\"https:\/\/percursoseideias.iscet.pt\/wp-content\/uploads\/2025\/11\/Livro-Atas-Congresso-Internacional-O-Futuro-com-IA.pdf\">Livro Atas Congresso Internacional O Futuro com IA<\/a><a href=\"https:\/\/percursoseideias.iscet.pt\/wp-content\/uploads\/2025\/11\/Livro-Atas-Congresso-Internacional-O-Futuro-com-IA.pdf\" class=\"wp-block-file__button wp-element-button\" download aria-describedby=\"wp-block-file--media-ac424807-e325-429d-9505-49d75700a051\">Download<\/a><\/div>\n\n\n\n<p style=\"font-size:16px\">O Congresso Internacional O Futuro com IA: Desafios e Oportunidades realizou-se no ISCET, no Porto, no dia 15 de maio de 2025, reunindo investigadores, docentes, profissionais e estudantes num debate multidisciplinar, que cruzou o direito e a gest\u00e3o, sobre os impactos da Intelig\u00eancia Artificial na sociedade contempor\u00e2nea.<br>As Atas agora publicadas integram os resumos das comunica\u00e7\u00f5es apresentadas nos quatro eixos tem\u00e1ticos que estruturam o congresso: IA e Democracia, IA e Sociedade, IA e Inova\u00e7\u00e3o, e IA, Neg\u00f3cios e Gest\u00e3o.<br>Nas sess\u00f5es paralelas do congresso, foram abordados temas como direitos de autor, contratos de ades\u00e3o, responsabilidade civil por danos causados por IA, a transforma\u00e7\u00e3o do mundo do trabalho e inova\u00e7\u00e3o tecnol\u00f3gica.<br>A todos os participantes, investigadores e estudantes que contribu\u00edram para o sucesso deste encontro, expressamos o nosso sincero agradecimento pela partilha de conhecimento e pela reflex\u00e3o cr\u00edtica que enriqueceram o debate sobre o futuro com Intelig\u00eancia Artificial.<\/p>\n\n\n\n<p style=\"font-size:16px\"><br>Porto, novembro de 2025<\/p>\n\n\n\n<p style=\"font-size:16px\"><br>Os organizadores,<br>Melanie Oliveira Neiva Santos<br>Filipe Alexandre Pereira Duarte<\/p>\n\n\n\n<p style=\"font-size:14px\"><\/p>\n<\/div>\n<\/div>\n","protected":false},"excerpt":{"rendered":"<p>Contents Archive Atas do Congresso Internacional \u201cO Futuro com IA: Desafios e Oportunidades\u201d Melanie Oliveira Neiva Santos and Filipe Alexandre Pereira Duarte Coordena\u00e7\u00e3o: Melanie Oliveira Neiva Santos e Filipe Alexandre Pereira Duarte doi:10.56123\/atas-do-congresso-internacional-o-futuro-com-ia-desafios-e-oportunidades Published&#46;&#46;&#46;<\/p>\n","protected":false},"author":3,"featured_media":0,"parent":0,"menu_order":0,"comment_status":"closed","ping_status":"closed","template":"","meta":{"footnotes":""},"class_list":["post-3046","page","type-page","status-publish","hentry"],"_links":{"self":[{"href":"https:\/\/percursoseideias.iscet.pt\/index.php\/wp-json\/wp\/v2\/pages\/3046","targetHints":{"allow":["GET"]}}],"collection":[{"href":"https:\/\/percursoseideias.iscet.pt\/index.php\/wp-json\/wp\/v2\/pages"}],"about":[{"href":"https:\/\/percursoseideias.iscet.pt\/index.php\/wp-json\/wp\/v2\/types\/page"}],"author":[{"embeddable":true,"href":"https:\/\/percursoseideias.iscet.pt\/index.php\/wp-json\/wp\/v2\/users\/3"}],"replies":[{"embeddable":true,"href":"https:\/\/percursoseideias.iscet.pt\/index.php\/wp-json\/wp\/v2\/comments?post=3046"}],"version-history":[{"count":5,"href":"https:\/\/percursoseideias.iscet.pt\/index.php\/wp-json\/wp\/v2\/pages\/3046\/revisions"}],"predecessor-version":[{"id":3055,"href":"https:\/\/percursoseideias.iscet.pt\/index.php\/wp-json\/wp\/v2\/pages\/3046\/revisions\/3055"}],"wp:attachment":[{"href":"https:\/\/percursoseideias.iscet.pt\/index.php\/wp-json\/wp\/v2\/media?parent=3046"}],"curies":[{"name":"wp","href":"https:\/\/api.w.org\/{rel}","templated":true}]}}

<div class="wp-block-columns is-layout-flex wp-container-core-columns-is-layout-9d6595d7 wp-block-columns-is-layout-flex">
<div class="wp-block-column is-layout-flow wp-block-column-is-layout-flow" style="flex-basis:20%">
<figure class="wp-block-image size-full"><img loading="lazy" decoding="async" width="565" height="707" src="https://percursoseideias.iscet.pt/wp-content/uploads/2025/11/Captura-de-ecra-2025-11-14-191519.png" alt="" class="wp-image-3048" srcset="https://percursoseideias.iscet.pt/wp-content/uploads/2025/11/Captura-de-ecra-2025-11-14-191519.png 565w, https://percursoseideias.iscet.pt/wp-content/uploads/2025/11/Captura-de-ecra-2025-11-14-191519-240x300.png 240w" sizes="auto, (max-width: 565px) 100vw, 565px" /></figure>



<p class="has-text-align-center" style="font-size:16px"><a href="https://percursoseideias.iscet.pt/index.php/mp2022n120001/"><img loading="lazy" decoding="async" width="16" height="13" class="wp-image-373" style="width: 16px;" src="https://percursoseideias.iscet.pt/wp-content/uploads/2022/03/DoubleArrow_Left.jpg" alt="" srcset="https://percursoseideias.iscet.pt/wp-content/uploads/2022/03/DoubleArrow_Left.jpg 1150w, https://percursoseideias.iscet.pt/wp-content/uploads/2022/03/DoubleArrow_Left-300x239.jpg 300w, https://percursoseideias.iscet.pt/wp-content/uploads/2022/03/DoubleArrow_Left-1024x816.jpg 1024w, https://percursoseideias.iscet.pt/wp-content/uploads/2022/03/DoubleArrow_Left-768x612.jpg 768w" sizes="auto, (max-width: 16px) 100vw, 16px" /></a>  <a href="https://percursoseideias.iscet.pt/index.php/ci2022n120004/"><img loading="lazy" decoding="async" width="11" height="12" class="wp-image-371" style="width: 11px;" src="https://percursoseideias.iscet.pt/wp-content/uploads/2022/03/Arrow_Left.jpg" alt="" srcset="https://percursoseideias.iscet.pt/wp-content/uploads/2022/03/Arrow_Left.jpg 820w, https://percursoseideias.iscet.pt/wp-content/uploads/2022/03/Arrow_Left-269x300.jpg 269w, https://percursoseideias.iscet.pt/wp-content/uploads/2022/03/Arrow_Left-150x150.jpg 150w, https://percursoseideias.iscet.pt/wp-content/uploads/2022/03/Arrow_Left-768x858.jpg 768w, https://percursoseideias.iscet.pt/wp-content/uploads/2022/03/Arrow_Left-80x80.jpg 80w, https://percursoseideias.iscet.pt/wp-content/uploads/2022/03/Arrow_Left-320x320.jpg 320w" sizes="auto, (max-width: 11px) 100vw, 11px" /></a>  <a href="https://percursoseideias.iscet.pt/index.php/current-issues/">Contents</a>  <a href="https://percursoseideias.iscet.pt/index.php/tur2022n120006/"><img loading="lazy" decoding="async" width="11" height="12" class="wp-image-372" style="width: 11px;" src="https://percursoseideias.iscet.pt/wp-content/uploads/2022/03/Arrow_Right.jpg" alt="" srcset="https://percursoseideias.iscet.pt/wp-content/uploads/2022/03/Arrow_Right.jpg 820w, https://percursoseideias.iscet.pt/wp-content/uploads/2022/03/Arrow_Right-269x300.jpg 269w, https://percursoseideias.iscet.pt/wp-content/uploads/2022/03/Arrow_Right-150x150.jpg 150w, https://percursoseideias.iscet.pt/wp-content/uploads/2022/03/Arrow_Right-768x858.jpg 768w, https://percursoseideias.iscet.pt/wp-content/uploads/2022/03/Arrow_Right-80x80.jpg 80w, https://percursoseideias.iscet.pt/wp-content/uploads/2022/03/Arrow_Right-320x320.jpg 320w" sizes="auto, (max-width: 11px) 100vw, 11px" /></a>  <a href="https://percursoseideias.iscet.pt/index.php/sol2022n120012/"><img loading="lazy" decoding="async" width="16" height="13" class="wp-image-374" style="width: 16px;" src="https://percursoseideias.iscet.pt/wp-content/uploads/2022/03/DoubleArrow_Right.jpg" alt="" srcset="https://percursoseideias.iscet.pt/wp-content/uploads/2022/03/DoubleArrow_Right.jpg 1150w, https://percursoseideias.iscet.pt/wp-content/uploads/2022/03/DoubleArrow_Right-300x239.jpg 300w, https://percursoseideias.iscet.pt/wp-content/uploads/2022/03/DoubleArrow_Right-1024x816.jpg 1024w, https://percursoseideias.iscet.pt/wp-content/uploads/2022/03/DoubleArrow_Right-768x612.jpg 768w" sizes="auto, (max-width: 16px) 100vw, 16px" /></a><br><a href="https://percursoseideias.iscet.pt/index.php/archive/">Archive</a></p>
</div>



<div class="wp-block-column is-layout-flow wp-block-column-is-layout-flow" style="flex-basis:66.66%">
<p style="font-size:30px"><strong>Atas do Congresso Internacional “O Futuro com IA: Desafios e Oportunidades”</strong></p>



<p class="has-medium-font-size"> Melanie Oliveira Neiva Santos<a href="mailto:academiadasemocoes@gmail.com" target="_blank" rel="noreferrer noopener"><img decoding="async" class="wp-image-299" style="width: 15px;" src="http://magano.com/percursoseideias/wp-content/uploads/2022/02/envelope.png" alt=""></a> and Filipe Alexandre Pereira Duarte<a href="mailto:lferreira@iscet.pt" target="_blank" rel="noreferrer noopener"><img decoding="async" class="wp-image-299" style="width: 15px;" src="http://magano.com/percursoseideias/wp-content/uploads/2022/02/envelope.png" alt=""></a></p>



<p style="font-size:15px">Coordenação: Melanie Oliveira Neiva Santos e Filipe Alexandre Pereira Duarte</p>



<p style="font-size:15px">doi:10.56123/atas-do-congresso-internacional-o-futuro-com-ia-desafios-e-oportunidades</p>



<p style="font-size:15px">Published may 2025. Language: Portuguese.</p>



<p style="font-size:15px"><a href="https://percursoseideias.iscet.pt/articles/mp2022n120005.pdf" target="_blank" rel="noreferrer noopener"><img decoding="async" class="wp-image-213" style="width: 20px;" src="http://magano.com/percursoseideias/wp-content/uploads/2022/02/PDF_logo.jpeg" alt=""></a></p>



<div class="wp-block-file"><a id="wp-block-file--media-ac424807-e325-429d-9505-49d75700a051" href="https://percursoseideias.iscet.pt/wp-content/uploads/2025/11/Livro-Atas-Congresso-Internacional-O-Futuro-com-IA.pdf">Livro Atas Congresso Internacional O Futuro com IA</a><a href="https://percursoseideias.iscet.pt/wp-content/uploads/2025/11/Livro-Atas-Congresso-Internacional-O-Futuro-com-IA.pdf" class="wp-block-file__button wp-element-button" download aria-describedby="wp-block-file--media-ac424807-e325-429d-9505-49d75700a051">Download</a></div>



<p style="font-size:16px">O Congresso Internacional O Futuro com IA: Desafios e Oportunidades realizou-se no ISCET, no Porto, no dia 15 de maio de 2025, reunindo investigadores, docentes, profissionais e estudantes num debate multidisciplinar, que cruzou o direito e a gestão, sobre os impactos da Inteligência Artificial na sociedade contemporânea.<br>As Atas agora publicadas integram os resumos das comunicações apresentadas nos quatro eixos temáticos que estruturam o congresso: IA e Democracia, IA e Sociedade, IA e Inovação, e IA, Negócios e Gestão.<br>Nas sessões paralelas do congresso, foram abordados temas como direitos de autor, contratos de adesão, responsabilidade civil por danos causados por IA, a transformação do mundo do trabalho e inovação tecnológica.<br>A todos os participantes, investigadores e estudantes que contribuíram para o sucesso deste encontro, expressamos o nosso sincero agradecimento pela partilha de conhecimento e pela reflexão crítica que enriqueceram o debate sobre o futuro com Inteligência Artificial.</p>



<p style="font-size:16px"><br>Porto, novembro de 2025</p>



<p style="font-size:16px"><br>Os organizadores,<br>Melanie Oliveira Neiva Santos<br>Filipe Alexandre Pereira Duarte</p>



<p style="font-size:14px"></p>
</div>
</div>

<p>Contents Archive Atas do Congresso Internacional “O Futuro com IA: Desafios e Oportunidades” Melanie Oliveira Neiva Santos and Filipe Alexandre Pereira Duarte Coordenação: Melanie Oliveira Neiva Santos e Filipe Alexandre Pereira Duarte doi:10.56123/atas-do-congresso-internacional-o-futuro-com-ia-desafios-e-oportunidades Published&#46;&#46;&#46;</p>
