{"id":2998,"date":"2025-11-03T21:00:25","date_gmt":"2025-11-03T21:00:25","guid":{"rendered":"https:\/\/percursoseideias.iscet.pt\/?page_id=2998"},"modified":"2025-11-03T21:47:48","modified_gmt":"2025-11-03T21:47:48","slug":"volume-13-2024-003","status":"publish","type":"page","link":"https:\/\/percursoseideias.iscet.pt\/index.php\/volume-13-2024-003\/","title":{"rendered":"Volume 13 \u2013 2024 (003)"},"content":{"rendered":"\n<div class=\"wp-block-columns is-layout-flex wp-container-core-columns-is-layout-9d6595d7 wp-block-columns-is-layout-flex\">\n<div class=\"wp-block-column is-layout-flow wp-block-column-is-layout-flow\" style=\"flex-basis:20%\">\n<figure class=\"wp-block-image size-large\"><img loading=\"lazy\" decoding=\"async\" width=\"791\" height=\"1024\" src=\"https:\/\/percursoseideias.iscet.pt\/wp-content\/uploads\/2025\/11\/pi_2024_n13-1_Pagina_01-791x1024.jpg\" alt=\"\" class=\"wp-image-2978\" srcset=\"https:\/\/percursoseideias.iscet.pt\/wp-content\/uploads\/2025\/11\/pi_2024_n13-1_Pagina_01-791x1024.jpg 791w, https:\/\/percursoseideias.iscet.pt\/wp-content\/uploads\/2025\/11\/pi_2024_n13-1_Pagina_01-232x300.jpg 232w, https:\/\/percursoseideias.iscet.pt\/wp-content\/uploads\/2025\/11\/pi_2024_n13-1_Pagina_01-768x994.jpg 768w, https:\/\/percursoseideias.iscet.pt\/wp-content\/uploads\/2025\/11\/pi_2024_n13-1_Pagina_01.jpg 799w\" sizes=\"auto, (max-width: 791px) 100vw, 791px\" \/><\/figure>\n\n\n\n<p class=\"has-text-align-center\" style=\"font-size:16px\"><a href=\"https:\/\/percursoseideias.iscet.pt\/index.php\/mp2022n120001\/\"><img loading=\"lazy\" decoding=\"async\" width=\"16\" height=\"13\" class=\"wp-image-373\" style=\"width: 16px;\" src=\"https:\/\/percursoseideias.iscet.pt\/wp-content\/uploads\/2022\/03\/DoubleArrow_Left.jpg\" alt=\"\" srcset=\"https:\/\/percursoseideias.iscet.pt\/wp-content\/uploads\/2022\/03\/DoubleArrow_Left.jpg 1150w, https:\/\/percursoseideias.iscet.pt\/wp-content\/uploads\/2022\/03\/DoubleArrow_Left-300x239.jpg 300w, https:\/\/percursoseideias.iscet.pt\/wp-content\/uploads\/2022\/03\/DoubleArrow_Left-1024x816.jpg 1024w, https:\/\/percursoseideias.iscet.pt\/wp-content\/uploads\/2022\/03\/DoubleArrow_Left-768x612.jpg 768w\" sizes=\"auto, (max-width: 16px) 100vw, 16px\" \/><\/a>  <a href=\"https:\/\/percursoseideias.iscet.pt\/index.php\/sol2022n120002\/\"><img loading=\"lazy\" decoding=\"async\" width=\"11\" height=\"12\" class=\"wp-image-371\" style=\"width: 11px;\" src=\"https:\/\/percursoseideias.iscet.pt\/wp-content\/uploads\/2022\/03\/Arrow_Left.jpg\" alt=\"\" srcset=\"https:\/\/percursoseideias.iscet.pt\/wp-content\/uploads\/2022\/03\/Arrow_Left.jpg 820w, https:\/\/percursoseideias.iscet.pt\/wp-content\/uploads\/2022\/03\/Arrow_Left-269x300.jpg 269w, https:\/\/percursoseideias.iscet.pt\/wp-content\/uploads\/2022\/03\/Arrow_Left-150x150.jpg 150w, https:\/\/percursoseideias.iscet.pt\/wp-content\/uploads\/2022\/03\/Arrow_Left-768x858.jpg 768w, https:\/\/percursoseideias.iscet.pt\/wp-content\/uploads\/2022\/03\/Arrow_Left-80x80.jpg 80w, https:\/\/percursoseideias.iscet.pt\/wp-content\/uploads\/2022\/03\/Arrow_Left-320x320.jpg 320w\" sizes=\"auto, (max-width: 11px) 100vw, 11px\" \/><\/a>  <a href=\"https:\/\/percursoseideias.iscet.pt\/index.php\/current-issues\/\">Contents<\/a>  <a href=\"https:\/\/percursoseideias.iscet.pt\/index.php\/ci2022n120004\/\"><img loading=\"lazy\" decoding=\"async\" width=\"11\" height=\"12\" class=\"wp-image-372\" style=\"width: 11px;\" src=\"https:\/\/percursoseideias.iscet.pt\/wp-content\/uploads\/2022\/03\/Arrow_Right.jpg\" alt=\"\" srcset=\"https:\/\/percursoseideias.iscet.pt\/wp-content\/uploads\/2022\/03\/Arrow_Right.jpg 820w, https:\/\/percursoseideias.iscet.pt\/wp-content\/uploads\/2022\/03\/Arrow_Right-269x300.jpg 269w, https:\/\/percursoseideias.iscet.pt\/wp-content\/uploads\/2022\/03\/Arrow_Right-150x150.jpg 150w, https:\/\/percursoseideias.iscet.pt\/wp-content\/uploads\/2022\/03\/Arrow_Right-768x858.jpg 768w, https:\/\/percursoseideias.iscet.pt\/wp-content\/uploads\/2022\/03\/Arrow_Right-80x80.jpg 80w, https:\/\/percursoseideias.iscet.pt\/wp-content\/uploads\/2022\/03\/Arrow_Right-320x320.jpg 320w\" sizes=\"auto, (max-width: 11px) 100vw, 11px\" \/><\/a>  <a href=\"https:\/\/percursoseideias.iscet.pt\/index.php\/sol2022n120012\/\"><img loading=\"lazy\" decoding=\"async\" width=\"16\" height=\"13\" class=\"wp-image-374\" style=\"width: 16px;\" src=\"https:\/\/percursoseideias.iscet.pt\/wp-content\/uploads\/2022\/03\/DoubleArrow_Right.jpg\" alt=\"\" srcset=\"https:\/\/percursoseideias.iscet.pt\/wp-content\/uploads\/2022\/03\/DoubleArrow_Right.jpg 1150w, https:\/\/percursoseideias.iscet.pt\/wp-content\/uploads\/2022\/03\/DoubleArrow_Right-300x239.jpg 300w, https:\/\/percursoseideias.iscet.pt\/wp-content\/uploads\/2022\/03\/DoubleArrow_Right-1024x816.jpg 1024w, https:\/\/percursoseideias.iscet.pt\/wp-content\/uploads\/2022\/03\/DoubleArrow_Right-768x612.jpg 768w\" sizes=\"auto, (max-width: 16px) 100vw, 16px\" \/><\/a><br><a href=\"https:\/\/percursoseideias.iscet.pt\/index.php\/archive\/\">Archive<\/a><\/p>\n<\/div>\n\n\n\n<div class=\"wp-block-column is-layout-flow wp-block-column-is-layout-flow\" style=\"flex-basis:66.66%\">\n<p style=\"font-size:30px\"><strong>O direito \u00e0 prote\u00e7\u00e3o da sa\u00fade e os direitos dos doentes<\/strong><\/p>\n\n\n\n<p class=\"has-medium-font-size\">Ana Paula Cabral<sup>1<\/sup><\/p>\n\n\n\n<p style=\"font-size:15px\"><sup>1<\/sup> ISCET &#8211; High Institute of Business and Tourism Sciences, Porto, Portugal<\/p>\n\n\n\n<p style=\"font-size:16px\">To cite this text: Cabral, A. P. (2024). O direito \u00e0 prote\u00e7\u00e3o da sa\u00fade e os direitos dos doentes, <em>Percursos &amp; Ideias<\/em>, <em>1<\/em>3, 18-30.<\/p>\n\n\n\n<p style=\"font-size:15px\">doi: 10.56123\/percursos.2024_n13_0003<\/p>\n\n\n\n<p style=\"font-size:15px\">Published . Language: Portuguese.<\/p>\n\n\n\n<p style=\"font-size:15px\"><a href=\"https:\/\/percursoseideias.iscet.pt\/articles\/pi_2024_n13_0003.pdf\">View Full Text PDF <img decoding=\"async\" class=\"wp-image-213\" style=\"width: 20px;\" src=\"http:\/\/magano.com\/percursoseideias\/wp-content\/uploads\/2022\/02\/PDF_logo.jpeg\" alt=\"\"><\/a><\/p>\n\n\n\n<p><strong>Abstract<\/strong><\/p>\n\n\n\n<p style=\"font-size:16px\">The right to health protection, enshrined in the Constitution of the Portuguese Republic, is one of the most important rights for every subject. Patients&#8217; rights are one of its realisa tions. These rights are enshrined in a wide range of laws, and various authorities and organisations are also entrusted with the task of guaranteeing their protection, as is the case with the Health Regulatory Authority. The intervention of artificial intelligence in relation to patients&#8217; rights will certainly have an impact on them. ln order to avoid any negative impact, we are in favour of regulating this &#8216;new&#8217; reality.<\/p>\n\n\n\n<p style=\"font-size:16px\"><\/p>\n\n\n\n<p><strong>Keywords<\/strong><\/p>\n\n\n\n<p style=\"font-size:16px\">Patients&#8217; rights, Right to health protection, Artificial intelligence.<\/p>\n\n\n\n<p style=\"font-size:16px\"><\/p>\n\n\n\n<p><strong>References<\/strong><\/p>\n\n\n\n<p style=\"font-size:16px\">Andrade, J. C. V. de. (2019). <em>Os direitos fundamentais na Constitui\u00e7\u00e3o portuguesa de 1976<\/em> (6\u00aa ed.). Almedina.<\/p>\n\n\n\n<p style=\"font-size:16px\">Canotilho, J. G. (n.d.). <em>Direito Constitucional e Teoria da Constitui\u00e7\u00e3o.<\/em><\/p>\n\n\n\n<p style=\"font-size:16px\">Comiss\u00e3o Europeia. (2020). <em>Orienta\u00e7\u00f5es pol\u00edticas para a pr\u00f3xima Comiss\u00e3o.<\/em> Retrieved from <a>https:\/\/ec.europa.eu\/commission\/sites\/betapolitical\/files\/political-guidelines-nextcommission_pt.pdf<\/a><\/p>\n\n\n\n<p style=\"font-size:16px\">Correia, M., Rego, G., &amp; Nunes, R. (2021). Gender transition: Is there a right to be forgotten? <em>Health Care Analysis, 29<\/em>, 283\u2013300. <a href=\"https:\/\/doi.org\/10.1007\/s10728-021-00433-1\">https:\/\/doi.org\/10.1007\/s10728-021-00433-1<\/a><\/p>\n\n\n\n<p style=\"font-size:16px\">Di\u00e1rio da Rep\u00fablica Eletr\u00f3nico. (2019). <em>Lei n\u00ba 59\/2019.<\/em><\/p>\n\n\n\n<p style=\"font-size:16px\">Lusa. (n.d.). Proposta portuguesa de Declara\u00e7\u00e3o de Igualdade de G\u00e9nero seguiu para a UNESCO. Retrieved from <a>https:\/\/www.publico.pt\/2017\/01\/06\/sociedade\/noticia\/proposta-portuguesa-de-declaracao-de-igualdade-de-genero-seguiu-hoje-para-a-unesco-1757331<\/a><\/p>\n\n\n\n<p style=\"font-size:16px\">Mafalda, A. (n.d.). <em>Intelig\u00eancia artificial: Direito e personalidade jur\u00eddica<\/em> [Disserta\u00e7\u00e3o de Mestrado em Ci\u00eancias Jur\u00eddico-Forenses]. Universidade de Coimbra.<\/p>\n\n\n\n<p style=\"font-size:16px\">Miranda, J. M. R. (2005). <em>Constitui\u00e7\u00e3o Portuguesa Anotada<\/em> (Tomo I). Coimbra Editora.<\/p>\n\n\n\n<p style=\"font-size:16px\">Monge, C. (2019, abril). The fundamental right to health protection. <em>EP\u00fablica, 6<\/em>(1).<\/p>\n\n\n\n<p style=\"font-size:16px\">Monteiro, J. D. d\u2019Avila M., &amp; Nunes, R. (2020). Conceito de dignidade humana: Controv\u00e9rsias e poss\u00edveis solu\u00e7\u00f5es. <em>Revista Bio\u00e9tica, 28<\/em>(2). <a>https:\/\/doi.org\/10.1590\/1983-80422020282381<\/a><\/p>\n\n\n\n<p style=\"font-size:16px\">Nunes, R. (2014). Consentimento informado e boa pr\u00e1tica cl\u00ednica. <em>Revista Julgar<\/em> (N\u00famero Especial).<\/p>\n\n\n\n<p style=\"font-size:16px\">Nunes, R. (2017). <em>Ensaios em Bio\u00e9tica.<\/em> Faculdade de Medicina da Universidade do Porto.<\/p>\n\n\n\n<p style=\"font-size:16px\">Nunes, R. (2021). <em>Regula\u00e7\u00e3o da Sa\u00fade<\/em> (4\u00aa ed.). Vida Econ\u00f3mica.<\/p>\n\n\n\n<p style=\"font-size:16px\">Nunes, R. (2022a). Global health in a digital world. In <em>Healthcare as a Universal Human Right<\/em> (pp. 80\u201394). Routledge. <a href=\"https:\/\/doi.org\/10.4324\/9781003241065-7\">https:\/\/doi.org\/10.4324\/9781003241065-7<\/a><\/p>\n\n\n\n<p style=\"font-size:16px\">Nunes, R. (2022b). <em>Healthcare as a Universal Human Right: Sustainability in Global Health.<\/em> Routledge.<\/p>\n\n\n\n<p style=\"font-size:16px\">Oliveira, M. H. B. de, &amp; T. N. C. R. (2021). <em>Direitos humanos e sa\u00fade: Reflex\u00f5es e possibilidades de interven\u00e7\u00e3o<\/em> (1\u00aa ed.). Fiocruz.<\/p>\n\n\n\n<p style=\"font-size:16px\">ONU. (2015). <em>Transformar o nosso mundo: Agenda 2030 de Desenvolvimento Sustent\u00e1vel.<\/em><\/p>\n\n\n\n<p style=\"font-size:16px\">Parlamento Europeu &amp; Conselho Europeu. (2024). <em>Regulamento (UE) 2024\/1689 do Parlamento Europeu e do Conselho de 13 de junho de 2024.<\/em><\/p>\n\n\n\n<p style=\"font-size:16px\">Regime de responsabilidade civil aplic\u00e1vel \u00e0 intelig\u00eancia artificial. (n.d.). Retrieved from <a>https:\/\/www.europarl.europa.eu\/thinktank\/en\/document.html?reference=EPRS_STU<\/a><\/p>\n\n\n\n<p style=\"font-size:16px\">Tribunal Constitucional. (1984). <em>Ac\u00f3rd\u00e3o do Tribunal Constitucional n\u00ba 39\/84.<\/em><\/p>\n\n\n\n<p style=\"font-size:16px\">UN DESA. (2022). <em>Relat\u00f3rio dos Objetivos de Desenvolvimento Sustent\u00e1vel 2022.<\/em><\/p>\n<\/div>\n<\/div>\n\n\n\n<p><\/p>\n","protected":false},"excerpt":{"rendered":"<p>Contents Archive O direito \u00e0 prote\u00e7\u00e3o da sa\u00fade e os direitos dos doentes Ana Paula Cabral1 1 ISCET &#8211; High Institute of Business and Tourism Sciences, Porto, Portugal To cite this text: Cabral, A.&#46;&#46;&#46;<\/p>\n","protected":false},"author":3,"featured_media":0,"parent":0,"menu_order":0,"comment_status":"closed","ping_status":"closed","template":"","meta":{"footnotes":""},"class_list":["post-2998","page","type-page","status-publish","hentry"],"_links":{"self":[{"href":"https:\/\/percursoseideias.iscet.pt\/index.php\/wp-json\/wp\/v2\/pages\/2998","targetHints":{"allow":["GET"]}}],"collection":[{"href":"https:\/\/percursoseideias.iscet.pt\/index.php\/wp-json\/wp\/v2\/pages"}],"about":[{"href":"https:\/\/percursoseideias.iscet.pt\/index.php\/wp-json\/wp\/v2\/types\/page"}],"author":[{"embeddable":true,"href":"https:\/\/percursoseideias.iscet.pt\/index.php\/wp-json\/wp\/v2\/users\/3"}],"replies":[{"embeddable":true,"href":"https:\/\/percursoseideias.iscet.pt\/index.php\/wp-json\/wp\/v2\/comments?post=2998"}],"version-history":[{"count":3,"href":"https:\/\/percursoseideias.iscet.pt\/index.php\/wp-json\/wp\/v2\/pages\/2998\/revisions"}],"predecessor-version":[{"id":3012,"href":"https:\/\/percursoseideias.iscet.pt\/index.php\/wp-json\/wp\/v2\/pages\/2998\/revisions\/3012"}],"wp:attachment":[{"href":"https:\/\/percursoseideias.iscet.pt\/index.php\/wp-json\/wp\/v2\/media?parent=2998"}],"curies":[{"name":"wp","href":"https:\/\/api.w.org\/{rel}","templated":true}]}}

<div class="wp-block-columns is-layout-flex wp-container-core-columns-is-layout-9d6595d7 wp-block-columns-is-layout-flex">
<div class="wp-block-column is-layout-flow wp-block-column-is-layout-flow" style="flex-basis:20%">
<figure class="wp-block-image size-large"><img loading="lazy" decoding="async" width="791" height="1024" src="https://percursoseideias.iscet.pt/wp-content/uploads/2025/11/pi_2024_n13-1_Pagina_01-791x1024.jpg" alt="" class="wp-image-2978" srcset="https://percursoseideias.iscet.pt/wp-content/uploads/2025/11/pi_2024_n13-1_Pagina_01-791x1024.jpg 791w, https://percursoseideias.iscet.pt/wp-content/uploads/2025/11/pi_2024_n13-1_Pagina_01-232x300.jpg 232w, https://percursoseideias.iscet.pt/wp-content/uploads/2025/11/pi_2024_n13-1_Pagina_01-768x994.jpg 768w, https://percursoseideias.iscet.pt/wp-content/uploads/2025/11/pi_2024_n13-1_Pagina_01.jpg 799w" sizes="auto, (max-width: 791px) 100vw, 791px" /></figure>



<p class="has-text-align-center" style="font-size:16px"><a href="https://percursoseideias.iscet.pt/index.php/mp2022n120001/"><img loading="lazy" decoding="async" width="16" height="13" class="wp-image-373" style="width: 16px;" src="https://percursoseideias.iscet.pt/wp-content/uploads/2022/03/DoubleArrow_Left.jpg" alt="" srcset="https://percursoseideias.iscet.pt/wp-content/uploads/2022/03/DoubleArrow_Left.jpg 1150w, https://percursoseideias.iscet.pt/wp-content/uploads/2022/03/DoubleArrow_Left-300x239.jpg 300w, https://percursoseideias.iscet.pt/wp-content/uploads/2022/03/DoubleArrow_Left-1024x816.jpg 1024w, https://percursoseideias.iscet.pt/wp-content/uploads/2022/03/DoubleArrow_Left-768x612.jpg 768w" sizes="auto, (max-width: 16px) 100vw, 16px" /></a>  <a href="https://percursoseideias.iscet.pt/index.php/sol2022n120002/"><img loading="lazy" decoding="async" width="11" height="12" class="wp-image-371" style="width: 11px;" src="https://percursoseideias.iscet.pt/wp-content/uploads/2022/03/Arrow_Left.jpg" alt="" srcset="https://percursoseideias.iscet.pt/wp-content/uploads/2022/03/Arrow_Left.jpg 820w, https://percursoseideias.iscet.pt/wp-content/uploads/2022/03/Arrow_Left-269x300.jpg 269w, https://percursoseideias.iscet.pt/wp-content/uploads/2022/03/Arrow_Left-150x150.jpg 150w, https://percursoseideias.iscet.pt/wp-content/uploads/2022/03/Arrow_Left-768x858.jpg 768w, https://percursoseideias.iscet.pt/wp-content/uploads/2022/03/Arrow_Left-80x80.jpg 80w, https://percursoseideias.iscet.pt/wp-content/uploads/2022/03/Arrow_Left-320x320.jpg 320w" sizes="auto, (max-width: 11px) 100vw, 11px" /></a>  <a href="https://percursoseideias.iscet.pt/index.php/current-issues/">Contents</a>  <a href="https://percursoseideias.iscet.pt/index.php/ci2022n120004/"><img loading="lazy" decoding="async" width="11" height="12" class="wp-image-372" style="width: 11px;" src="https://percursoseideias.iscet.pt/wp-content/uploads/2022/03/Arrow_Right.jpg" alt="" srcset="https://percursoseideias.iscet.pt/wp-content/uploads/2022/03/Arrow_Right.jpg 820w, https://percursoseideias.iscet.pt/wp-content/uploads/2022/03/Arrow_Right-269x300.jpg 269w, https://percursoseideias.iscet.pt/wp-content/uploads/2022/03/Arrow_Right-150x150.jpg 150w, https://percursoseideias.iscet.pt/wp-content/uploads/2022/03/Arrow_Right-768x858.jpg 768w, https://percursoseideias.iscet.pt/wp-content/uploads/2022/03/Arrow_Right-80x80.jpg 80w, https://percursoseideias.iscet.pt/wp-content/uploads/2022/03/Arrow_Right-320x320.jpg 320w" sizes="auto, (max-width: 11px) 100vw, 11px" /></a>  <a href="https://percursoseideias.iscet.pt/index.php/sol2022n120012/"><img loading="lazy" decoding="async" width="16" height="13" class="wp-image-374" style="width: 16px;" src="https://percursoseideias.iscet.pt/wp-content/uploads/2022/03/DoubleArrow_Right.jpg" alt="" srcset="https://percursoseideias.iscet.pt/wp-content/uploads/2022/03/DoubleArrow_Right.jpg 1150w, https://percursoseideias.iscet.pt/wp-content/uploads/2022/03/DoubleArrow_Right-300x239.jpg 300w, https://percursoseideias.iscet.pt/wp-content/uploads/2022/03/DoubleArrow_Right-1024x816.jpg 1024w, https://percursoseideias.iscet.pt/wp-content/uploads/2022/03/DoubleArrow_Right-768x612.jpg 768w" sizes="auto, (max-width: 16px) 100vw, 16px" /></a><br><a href="https://percursoseideias.iscet.pt/index.php/archive/">Archive</a></p>
</div>



<div class="wp-block-column is-layout-flow wp-block-column-is-layout-flow" style="flex-basis:66.66%">
<p style="font-size:30px"><strong>O direito à proteção da saúde e os direitos dos doentes</strong></p>



<p class="has-medium-font-size">Ana Paula Cabral<sup>1</sup></p>



<p style="font-size:15px"><sup>1</sup> ISCET &#8211; High Institute of Business and Tourism Sciences, Porto, Portugal</p>



<p style="font-size:16px">To cite this text: Cabral, A. P. (2024). O direito à proteção da saúde e os direitos dos doentes, <em>Percursos &amp; Ideias</em>, <em>1</em>3, 18-30.</p>



<p style="font-size:15px">doi: 10.56123/percursos.2024_n13_0003</p>



<p style="font-size:15px">Published . Language: Portuguese.</p>



<p style="font-size:15px"><a href="https://percursoseideias.iscet.pt/articles/pi_2024_n13_0003.pdf">View Full Text PDF <img decoding="async" class="wp-image-213" style="width: 20px;" src="http://magano.com/percursoseideias/wp-content/uploads/2022/02/PDF_logo.jpeg" alt=""></a></p>



<p><strong>Abstract</strong></p>



<p style="font-size:16px">The right to health protection, enshrined in the Constitution of the Portuguese Republic, is one of the most important rights for every subject. Patients&#8217; rights are one of its realisa tions. These rights are enshrined in a wide range of laws, and various authorities and organisations are also entrusted with the task of guaranteeing their protection, as is the case with the Health Regulatory Authority. The intervention of artificial intelligence in relation to patients&#8217; rights will certainly have an impact on them. ln order to avoid any negative impact, we are in favour of regulating this &#8216;new&#8217; reality.</p>



<p style="font-size:16px"></p>



<p><strong>Keywords</strong></p>



<p style="font-size:16px">Patients&#8217; rights, Right to health protection, Artificial intelligence.</p>



<p style="font-size:16px"></p>



<p><strong>References</strong></p>



<p style="font-size:16px">Andrade, J. C. V. de. (2019). <em>Os direitos fundamentais na Constituição portuguesa de 1976</em> (6ª ed.). Almedina.</p>



<p style="font-size:16px">Canotilho, J. G. (n.d.). <em>Direito Constitucional e Teoria da Constituição.</em></p>



<p style="font-size:16px">Comissão Europeia. (2020). <em>Orientações políticas para a próxima Comissão.</em> Retrieved from <a>https://ec.europa.eu/commission/sites/betapolitical/files/political-guidelines-nextcommission_pt.pdf</a></p>



<p style="font-size:16px">Correia, M., Rego, G., &amp; Nunes, R. (2021). Gender transition: Is there a right to be forgotten? <em>Health Care Analysis, 29</em>, 283–300. <a href="https://doi.org/10.1007/s10728-021-00433-1">https://doi.org/10.1007/s10728-021-00433-1</a></p>



<p style="font-size:16px">Diário da República Eletrónico. (2019). <em>Lei nº 59/2019.</em></p>



<p style="font-size:16px">Lusa. (n.d.). Proposta portuguesa de Declaração de Igualdade de Género seguiu para a UNESCO. Retrieved from <a>https://www.publico.pt/2017/01/06/sociedade/noticia/proposta-portuguesa-de-declaracao-de-igualdade-de-genero-seguiu-hoje-para-a-unesco-1757331</a></p>



<p style="font-size:16px">Mafalda, A. (n.d.). <em>Inteligência artificial: Direito e personalidade jurídica</em> [Dissertação de Mestrado em Ciências Jurídico-Forenses]. Universidade de Coimbra.</p>



<p style="font-size:16px">Miranda, J. M. R. (2005). <em>Constituição Portuguesa Anotada</em> (Tomo I). Coimbra Editora.</p>



<p style="font-size:16px">Monge, C. (2019, abril). The fundamental right to health protection. <em>EPública, 6</em>(1).</p>



<p style="font-size:16px">Monteiro, J. D. d’Avila M., &amp; Nunes, R. (2020). Conceito de dignidade humana: Controvérsias e possíveis soluções. <em>Revista Bioética, 28</em>(2). <a>https://doi.org/10.1590/1983-80422020282381</a></p>



<p style="font-size:16px">Nunes, R. (2014). Consentimento informado e boa prática clínica. <em>Revista Julgar</em> (Número Especial).</p>



<p style="font-size:16px">Nunes, R. (2017). <em>Ensaios em Bioética.</em> Faculdade de Medicina da Universidade do Porto.</p>



<p style="font-size:16px">Nunes, R. (2021). <em>Regulação da Saúde</em> (4ª ed.). Vida Económica.</p>



<p style="font-size:16px">Nunes, R. (2022a). Global health in a digital world. In <em>Healthcare as a Universal Human Right</em> (pp. 80–94). Routledge. <a href="https://doi.org/10.4324/9781003241065-7">https://doi.org/10.4324/9781003241065-7</a></p>



<p style="font-size:16px">Nunes, R. (2022b). <em>Healthcare as a Universal Human Right: Sustainability in Global Health.</em> Routledge.</p>



<p style="font-size:16px">Oliveira, M. H. B. de, &amp; T. N. C. R. (2021). <em>Direitos humanos e saúde: Reflexões e possibilidades de intervenção</em> (1ª ed.). Fiocruz.</p>



<p style="font-size:16px">ONU. (2015). <em>Transformar o nosso mundo: Agenda 2030 de Desenvolvimento Sustentável.</em></p>



<p style="font-size:16px">Parlamento Europeu &amp; Conselho Europeu. (2024). <em>Regulamento (UE) 2024/1689 do Parlamento Europeu e do Conselho de 13 de junho de 2024.</em></p>



<p style="font-size:16px">Regime de responsabilidade civil aplicável à inteligência artificial. (n.d.). Retrieved from <a>https://www.europarl.europa.eu/thinktank/en/document.html?reference=EPRS_STU</a></p>



<p style="font-size:16px">Tribunal Constitucional. (1984). <em>Acórdão do Tribunal Constitucional nº 39/84.</em></p>



<p style="font-size:16px">UN DESA. (2022). <em>Relatório dos Objetivos de Desenvolvimento Sustentável 2022.</em></p>
</div>
</div>



<p></p>

<p>Contents Archive O direito à proteção da saúde e os direitos dos doentes Ana Paula Cabral1 1 ISCET &#8211; High Institute of Business and Tourism Sciences, Porto, Portugal To cite this text: Cabral, A.&#46;&#46;&#46;</p>
