{"id":2982,"date":"2025-11-03T14:52:06","date_gmt":"2025-11-03T14:52:06","guid":{"rendered":"https:\/\/percursoseideias.iscet.pt\/?page_id=2982"},"modified":"2025-11-03T21:44:41","modified_gmt":"2025-11-03T21:44:41","slug":"volume-13-2024-001","status":"publish","type":"page","link":"https:\/\/percursoseideias.iscet.pt\/index.php\/volume-13-2024-001\/","title":{"rendered":"Volume 13 &#8211; 2024 (001)"},"content":{"rendered":"\n<div class=\"wp-block-columns is-layout-flex wp-container-core-columns-is-layout-9d6595d7 wp-block-columns-is-layout-flex\">\n<div class=\"wp-block-column is-layout-flow wp-block-column-is-layout-flow\" style=\"flex-basis:20%\">\n<figure class=\"wp-block-image size-large\"><img loading=\"lazy\" decoding=\"async\" width=\"791\" height=\"1024\" src=\"https:\/\/percursoseideias.iscet.pt\/wp-content\/uploads\/2025\/11\/pi_2024_n13-1_Pagina_01-791x1024.jpg\" alt=\"\" class=\"wp-image-2978\" srcset=\"https:\/\/percursoseideias.iscet.pt\/wp-content\/uploads\/2025\/11\/pi_2024_n13-1_Pagina_01-791x1024.jpg 791w, https:\/\/percursoseideias.iscet.pt\/wp-content\/uploads\/2025\/11\/pi_2024_n13-1_Pagina_01-232x300.jpg 232w, https:\/\/percursoseideias.iscet.pt\/wp-content\/uploads\/2025\/11\/pi_2024_n13-1_Pagina_01-768x994.jpg 768w, https:\/\/percursoseideias.iscet.pt\/wp-content\/uploads\/2025\/11\/pi_2024_n13-1_Pagina_01.jpg 799w\" sizes=\"auto, (max-width: 791px) 100vw, 791px\" \/><\/figure>\n\n\n\n<p class=\"has-text-align-center\" style=\"font-size:16px\"><a href=\"https:\/\/percursoseideias.iscet.pt\/index.php\/mp2022n120001\/\"><img loading=\"lazy\" decoding=\"async\" width=\"16\" height=\"13\" class=\"wp-image-373\" style=\"width: 16px;\" src=\"https:\/\/percursoseideias.iscet.pt\/wp-content\/uploads\/2022\/03\/DoubleArrow_Left.jpg\" alt=\"\" srcset=\"https:\/\/percursoseideias.iscet.pt\/wp-content\/uploads\/2022\/03\/DoubleArrow_Left.jpg 1150w, https:\/\/percursoseideias.iscet.pt\/wp-content\/uploads\/2022\/03\/DoubleArrow_Left-300x239.jpg 300w, https:\/\/percursoseideias.iscet.pt\/wp-content\/uploads\/2022\/03\/DoubleArrow_Left-1024x816.jpg 1024w, https:\/\/percursoseideias.iscet.pt\/wp-content\/uploads\/2022\/03\/DoubleArrow_Left-768x612.jpg 768w\" sizes=\"auto, (max-width: 16px) 100vw, 16px\" \/><\/a>  <a href=\"https:\/\/percursoseideias.iscet.pt\/index.php\/sol2022n120002\/\"><img loading=\"lazy\" decoding=\"async\" width=\"11\" height=\"12\" class=\"wp-image-371\" style=\"width: 11px;\" src=\"https:\/\/percursoseideias.iscet.pt\/wp-content\/uploads\/2022\/03\/Arrow_Left.jpg\" alt=\"\" srcset=\"https:\/\/percursoseideias.iscet.pt\/wp-content\/uploads\/2022\/03\/Arrow_Left.jpg 820w, https:\/\/percursoseideias.iscet.pt\/wp-content\/uploads\/2022\/03\/Arrow_Left-269x300.jpg 269w, https:\/\/percursoseideias.iscet.pt\/wp-content\/uploads\/2022\/03\/Arrow_Left-150x150.jpg 150w, https:\/\/percursoseideias.iscet.pt\/wp-content\/uploads\/2022\/03\/Arrow_Left-768x858.jpg 768w, https:\/\/percursoseideias.iscet.pt\/wp-content\/uploads\/2022\/03\/Arrow_Left-80x80.jpg 80w, https:\/\/percursoseideias.iscet.pt\/wp-content\/uploads\/2022\/03\/Arrow_Left-320x320.jpg 320w\" sizes=\"auto, (max-width: 11px) 100vw, 11px\" \/><\/a>  <a href=\"https:\/\/percursoseideias.iscet.pt\/index.php\/current-issues\/\">Contents<\/a>  <a href=\"https:\/\/percursoseideias.iscet.pt\/index.php\/ci2022n120004\/\"><img loading=\"lazy\" decoding=\"async\" width=\"11\" height=\"12\" class=\"wp-image-372\" style=\"width: 11px;\" src=\"https:\/\/percursoseideias.iscet.pt\/wp-content\/uploads\/2022\/03\/Arrow_Right.jpg\" alt=\"\" srcset=\"https:\/\/percursoseideias.iscet.pt\/wp-content\/uploads\/2022\/03\/Arrow_Right.jpg 820w, https:\/\/percursoseideias.iscet.pt\/wp-content\/uploads\/2022\/03\/Arrow_Right-269x300.jpg 269w, https:\/\/percursoseideias.iscet.pt\/wp-content\/uploads\/2022\/03\/Arrow_Right-150x150.jpg 150w, https:\/\/percursoseideias.iscet.pt\/wp-content\/uploads\/2022\/03\/Arrow_Right-768x858.jpg 768w, https:\/\/percursoseideias.iscet.pt\/wp-content\/uploads\/2022\/03\/Arrow_Right-80x80.jpg 80w, https:\/\/percursoseideias.iscet.pt\/wp-content\/uploads\/2022\/03\/Arrow_Right-320x320.jpg 320w\" sizes=\"auto, (max-width: 11px) 100vw, 11px\" \/><\/a>  <a href=\"https:\/\/percursoseideias.iscet.pt\/index.php\/sol2022n120012\/\"><img loading=\"lazy\" decoding=\"async\" width=\"16\" height=\"13\" class=\"wp-image-374\" style=\"width: 16px;\" src=\"https:\/\/percursoseideias.iscet.pt\/wp-content\/uploads\/2022\/03\/DoubleArrow_Right.jpg\" alt=\"\" srcset=\"https:\/\/percursoseideias.iscet.pt\/wp-content\/uploads\/2022\/03\/DoubleArrow_Right.jpg 1150w, https:\/\/percursoseideias.iscet.pt\/wp-content\/uploads\/2022\/03\/DoubleArrow_Right-300x239.jpg 300w, https:\/\/percursoseideias.iscet.pt\/wp-content\/uploads\/2022\/03\/DoubleArrow_Right-1024x816.jpg 1024w, https:\/\/percursoseideias.iscet.pt\/wp-content\/uploads\/2022\/03\/DoubleArrow_Right-768x612.jpg 768w\" sizes=\"auto, (max-width: 16px) 100vw, 16px\" \/><\/a><br><a href=\"https:\/\/percursoseideias.iscet.pt\/index.php\/archive\/\">Archive<\/a><\/p>\n<\/div>\n\n\n\n<div class=\"wp-block-column is-layout-flow wp-block-column-is-layout-flow\" style=\"flex-basis:66.66%\">\n<p style=\"font-size:30px\"><strong>A problem\u00e1tica da solid\u00e3o: uma abordagem antropol\u00f3gica<\/strong><\/p>\n\n\n\n<p class=\"has-medium-font-size\">Adalberto Dias de Carvalho <a href=\"https:\/\/orcid.org\/0000-0002-9175-251X\" target=\"_blank\" rel=\"noreferrer noopener\"><img decoding=\"async\" class=\"wp-image-258\" style=\"width: 15px;\" src=\"http:\/\/magano.com\/percursoseideias\/wp-content\/uploads\/2022\/02\/orcid-og-image.png\" alt=\"\"><\/a> <a href=\"mailto:professorladeira@gmail.com\" target=\"_blank\" rel=\"noreferrer noopener\"><img decoding=\"async\" class=\"wp-image-299\" style=\"width: 15px;\" src=\"http:\/\/magano.com\/percursoseideias\/wp-content\/uploads\/2022\/02\/envelope.png\" alt=\"\"><\/a> <sup>1<\/sup><\/p>\n\n\n\n<p style=\"font-size:15px\"><sup>1<\/sup> ISCET &#8211; High Institute of Business and Tourism Sciences, Porto, Portugal<\/p>\n\n\n\n<p style=\"font-size:16px\">To cite this text: Carvalho, A. D. (2024). A problem\u00e1tica da solid\u00e3o: uma abordagem antropol\u00f3gica, <em>Percursos &amp; Ideias<\/em>, <em>1<\/em>4, 01-04.<\/p>\n\n\n\n<p style=\"font-size:15px\">doi:10.56123\/percursos.2024_n13_0001<\/p>\n\n\n\n<p style=\"font-size:15px\">Published Language: Portuguese.<\/p>\n\n\n\n<p style=\"font-size:15px\">Section: Loneliness Observatory<\/p>\n\n\n\n<p style=\"font-size:15px\"><a href=\"https:\/\/percursoseideias.iscet.pt\/articles\/pi_2024_n13_0001.pdf\">View Full Text PDF <\/a><a href=\"https:\/\/percursoseideias.iscet.pt\/articles\/mp2022n120003.pdf\" target=\"_blank\" rel=\"noreferrer noopener\"><img decoding=\"async\" class=\"wp-image-213\" style=\"width: 20px;\" src=\"http:\/\/magano.com\/percursoseideias\/wp-content\/uploads\/2022\/02\/PDF_logo.jpeg\" alt=\"\"><\/a><\/p>\n\n\n\n<p><strong>Abstract<\/strong><\/p>\n\n\n\n<p style=\"font-size:16px\">An anthropological approach to loneliness implies that, by focusing on human<br>experiences in terms of perceptions of the negativity of relationships with others, the contours and nature of these experiences are privileged over concerns about their conceptualisation. This is how in this article we expose and arouse, mainly, reflections that seek to identify and highlight the sensitivities implicit in some artistic works in which loneliness clearly inspires existential concerns.<\/p>\n\n\n\n<p style=\"font-size:16px\"><\/p>\n\n\n\n<p><strong>Keywords<\/strong><\/p>\n\n\n\n<p style=\"font-size:16px\">Loneliness, Life experience, Anthropology, Feeling, Artistic references<\/p>\n\n\n\n<p style=\"font-size:16px\"><\/p>\n\n\n\n<p><strong>References<\/strong><\/p>\n\n\n\n<p style=\"font-size:16px\">Holderlin, F. (2021), Todos os Poemas. Lisboa: Ass\u00edrio &amp; Alvim <\/p>\n\n\n\n<p style=\"font-size:16px\">Pessoa, F. (2023), Livro do desassossego. Lisboa: Ass\u00edrio &amp; Alvim <\/p>\n\n\n\n<p style=\"font-size:16px\">Saint-Exup\u00e9ry, A. de (2017), O Principezinho. Porto: Porto Editora<\/p>\n<\/div>\n<\/div>\n\n\n\n<p style=\"font-size:14px\"><\/p>\n\n\n\n<p><\/p>\n","protected":false},"excerpt":{"rendered":"<p>Contents Archive A problem\u00e1tica da solid\u00e3o: uma abordagem antropol\u00f3gica Adalberto Dias de Carvalho 1 1 ISCET &#8211; High Institute of Business and Tourism Sciences, Porto, Portugal To cite this text: Carvalho, A. D. (2024).&#46;&#46;&#46;<\/p>\n","protected":false},"author":3,"featured_media":0,"parent":0,"menu_order":0,"comment_status":"closed","ping_status":"closed","template":"","meta":{"footnotes":""},"class_list":["post-2982","page","type-page","status-publish","hentry"],"_links":{"self":[{"href":"https:\/\/percursoseideias.iscet.pt\/index.php\/wp-json\/wp\/v2\/pages\/2982","targetHints":{"allow":["GET"]}}],"collection":[{"href":"https:\/\/percursoseideias.iscet.pt\/index.php\/wp-json\/wp\/v2\/pages"}],"about":[{"href":"https:\/\/percursoseideias.iscet.pt\/index.php\/wp-json\/wp\/v2\/types\/page"}],"author":[{"embeddable":true,"href":"https:\/\/percursoseideias.iscet.pt\/index.php\/wp-json\/wp\/v2\/users\/3"}],"replies":[{"embeddable":true,"href":"https:\/\/percursoseideias.iscet.pt\/index.php\/wp-json\/wp\/v2\/comments?post=2982"}],"version-history":[{"count":9,"href":"https:\/\/percursoseideias.iscet.pt\/index.php\/wp-json\/wp\/v2\/pages\/2982\/revisions"}],"predecessor-version":[{"id":3079,"href":"https:\/\/percursoseideias.iscet.pt\/index.php\/wp-json\/wp\/v2\/pages\/2982\/revisions\/3079"}],"wp:attachment":[{"href":"https:\/\/percursoseideias.iscet.pt\/index.php\/wp-json\/wp\/v2\/media?parent=2982"}],"curies":[{"name":"wp","href":"https:\/\/api.w.org\/{rel}","templated":true}]}}

<div class="wp-block-columns is-layout-flex wp-container-core-columns-is-layout-9d6595d7 wp-block-columns-is-layout-flex">
<div class="wp-block-column is-layout-flow wp-block-column-is-layout-flow" style="flex-basis:20%">
<figure class="wp-block-image size-large"><img loading="lazy" decoding="async" width="791" height="1024" src="https://percursoseideias.iscet.pt/wp-content/uploads/2025/11/pi_2024_n13-1_Pagina_01-791x1024.jpg" alt="" class="wp-image-2978" srcset="https://percursoseideias.iscet.pt/wp-content/uploads/2025/11/pi_2024_n13-1_Pagina_01-791x1024.jpg 791w, https://percursoseideias.iscet.pt/wp-content/uploads/2025/11/pi_2024_n13-1_Pagina_01-232x300.jpg 232w, https://percursoseideias.iscet.pt/wp-content/uploads/2025/11/pi_2024_n13-1_Pagina_01-768x994.jpg 768w, https://percursoseideias.iscet.pt/wp-content/uploads/2025/11/pi_2024_n13-1_Pagina_01.jpg 799w" sizes="auto, (max-width: 791px) 100vw, 791px" /></figure>



<p class="has-text-align-center" style="font-size:16px"><a href="https://percursoseideias.iscet.pt/index.php/mp2022n120001/"><img loading="lazy" decoding="async" width="16" height="13" class="wp-image-373" style="width: 16px;" src="https://percursoseideias.iscet.pt/wp-content/uploads/2022/03/DoubleArrow_Left.jpg" alt="" srcset="https://percursoseideias.iscet.pt/wp-content/uploads/2022/03/DoubleArrow_Left.jpg 1150w, https://percursoseideias.iscet.pt/wp-content/uploads/2022/03/DoubleArrow_Left-300x239.jpg 300w, https://percursoseideias.iscet.pt/wp-content/uploads/2022/03/DoubleArrow_Left-1024x816.jpg 1024w, https://percursoseideias.iscet.pt/wp-content/uploads/2022/03/DoubleArrow_Left-768x612.jpg 768w" sizes="auto, (max-width: 16px) 100vw, 16px" /></a>  <a href="https://percursoseideias.iscet.pt/index.php/sol2022n120002/"><img loading="lazy" decoding="async" width="11" height="12" class="wp-image-371" style="width: 11px;" src="https://percursoseideias.iscet.pt/wp-content/uploads/2022/03/Arrow_Left.jpg" alt="" srcset="https://percursoseideias.iscet.pt/wp-content/uploads/2022/03/Arrow_Left.jpg 820w, https://percursoseideias.iscet.pt/wp-content/uploads/2022/03/Arrow_Left-269x300.jpg 269w, https://percursoseideias.iscet.pt/wp-content/uploads/2022/03/Arrow_Left-150x150.jpg 150w, https://percursoseideias.iscet.pt/wp-content/uploads/2022/03/Arrow_Left-768x858.jpg 768w, https://percursoseideias.iscet.pt/wp-content/uploads/2022/03/Arrow_Left-80x80.jpg 80w, https://percursoseideias.iscet.pt/wp-content/uploads/2022/03/Arrow_Left-320x320.jpg 320w" sizes="auto, (max-width: 11px) 100vw, 11px" /></a>  <a href="https://percursoseideias.iscet.pt/index.php/current-issues/">Contents</a>  <a href="https://percursoseideias.iscet.pt/index.php/ci2022n120004/"><img loading="lazy" decoding="async" width="11" height="12" class="wp-image-372" style="width: 11px;" src="https://percursoseideias.iscet.pt/wp-content/uploads/2022/03/Arrow_Right.jpg" alt="" srcset="https://percursoseideias.iscet.pt/wp-content/uploads/2022/03/Arrow_Right.jpg 820w, https://percursoseideias.iscet.pt/wp-content/uploads/2022/03/Arrow_Right-269x300.jpg 269w, https://percursoseideias.iscet.pt/wp-content/uploads/2022/03/Arrow_Right-150x150.jpg 150w, https://percursoseideias.iscet.pt/wp-content/uploads/2022/03/Arrow_Right-768x858.jpg 768w, https://percursoseideias.iscet.pt/wp-content/uploads/2022/03/Arrow_Right-80x80.jpg 80w, https://percursoseideias.iscet.pt/wp-content/uploads/2022/03/Arrow_Right-320x320.jpg 320w" sizes="auto, (max-width: 11px) 100vw, 11px" /></a>  <a href="https://percursoseideias.iscet.pt/index.php/sol2022n120012/"><img loading="lazy" decoding="async" width="16" height="13" class="wp-image-374" style="width: 16px;" src="https://percursoseideias.iscet.pt/wp-content/uploads/2022/03/DoubleArrow_Right.jpg" alt="" srcset="https://percursoseideias.iscet.pt/wp-content/uploads/2022/03/DoubleArrow_Right.jpg 1150w, https://percursoseideias.iscet.pt/wp-content/uploads/2022/03/DoubleArrow_Right-300x239.jpg 300w, https://percursoseideias.iscet.pt/wp-content/uploads/2022/03/DoubleArrow_Right-1024x816.jpg 1024w, https://percursoseideias.iscet.pt/wp-content/uploads/2022/03/DoubleArrow_Right-768x612.jpg 768w" sizes="auto, (max-width: 16px) 100vw, 16px" /></a><br><a href="https://percursoseideias.iscet.pt/index.php/archive/">Archive</a></p>
</div>



<div class="wp-block-column is-layout-flow wp-block-column-is-layout-flow" style="flex-basis:66.66%">
<p style="font-size:30px"><strong>A problemática da solidão: uma abordagem antropológica</strong></p>



<p class="has-medium-font-size">Adalberto Dias de Carvalho <a href="https://orcid.org/0000-0002-9175-251X" target="_blank" rel="noreferrer noopener"><img decoding="async" class="wp-image-258" style="width: 15px;" src="http://magano.com/percursoseideias/wp-content/uploads/2022/02/orcid-og-image.png" alt=""></a> <a href="mailto:professorladeira@gmail.com" target="_blank" rel="noreferrer noopener"><img decoding="async" class="wp-image-299" style="width: 15px;" src="http://magano.com/percursoseideias/wp-content/uploads/2022/02/envelope.png" alt=""></a> <sup>1</sup></p>



<p style="font-size:15px"><sup>1</sup> ISCET &#8211; High Institute of Business and Tourism Sciences, Porto, Portugal</p>



<p style="font-size:16px">To cite this text: Carvalho, A. D. (2024). A problemática da solidão: uma abordagem antropológica, <em>Percursos &amp; Ideias</em>, <em>1</em>4, 01-04.</p>



<p style="font-size:15px">doi:10.56123/percursos.2024_n13_0001</p>



<p style="font-size:15px">Published Language: Portuguese.</p>



<p style="font-size:15px">Section: Loneliness Observatory</p>



<p style="font-size:15px"><a href="https://percursoseideias.iscet.pt/articles/pi_2024_n13_0001.pdf">View Full Text PDF </a><a href="https://percursoseideias.iscet.pt/articles/mp2022n120003.pdf" target="_blank" rel="noreferrer noopener"><img decoding="async" class="wp-image-213" style="width: 20px;" src="http://magano.com/percursoseideias/wp-content/uploads/2022/02/PDF_logo.jpeg" alt=""></a></p>



<p><strong>Abstract</strong></p>



<p style="font-size:16px">An anthropological approach to loneliness implies that, by focusing on human<br>experiences in terms of perceptions of the negativity of relationships with others, the contours and nature of these experiences are privileged over concerns about their conceptualisation. This is how in this article we expose and arouse, mainly, reflections that seek to identify and highlight the sensitivities implicit in some artistic works in which loneliness clearly inspires existential concerns.</p>



<p style="font-size:16px"></p>



<p><strong>Keywords</strong></p>



<p style="font-size:16px">Loneliness, Life experience, Anthropology, Feeling, Artistic references</p>



<p style="font-size:16px"></p>



<p><strong>References</strong></p>



<p style="font-size:16px">Holderlin, F. (2021), Todos os Poemas. Lisboa: Assírio &amp; Alvim </p>



<p style="font-size:16px">Pessoa, F. (2023), Livro do desassossego. Lisboa: Assírio &amp; Alvim </p>



<p style="font-size:16px">Saint-Exupéry, A. de (2017), O Principezinho. Porto: Porto Editora</p>
</div>
</div>



<p style="font-size:14px"></p>



<p></p>

<p>Contents Archive A problemática da solidão: uma abordagem antropológica Adalberto Dias de Carvalho 1 1 ISCET &#8211; High Institute of Business and Tourism Sciences, Porto, Portugal To cite this text: Carvalho, A. D. (2024).&#46;&#46;&#46;</p>
