{"id":1481,"date":"2022-03-04T16:52:54","date_gmt":"2022-03-04T16:52:54","guid":{"rendered":"http:\/\/percursoseideias.iscet.pt\/?page_id=1481"},"modified":"2022-10-15T15:28:59","modified_gmt":"2022-10-15T15:28:59","slug":"tur2022n120006","status":"publish","type":"page","link":"https:\/\/percursoseideias.iscet.pt\/index.php\/tur2022n120006\/","title":{"rendered":"Volume 12 &#8211; 2022 (0006)"},"content":{"rendered":"\n<div class=\"wp-block-columns is-layout-flex wp-container-core-columns-is-layout-9d6595d7 wp-block-columns-is-layout-flex\">\n<div class=\"wp-block-column is-layout-flow wp-block-column-is-layout-flow\" style=\"flex-basis:20%\">\n<figure class=\"wp-block-image size-large\"><img loading=\"lazy\" decoding=\"async\" width=\"724\" height=\"1024\" src=\"https:\/\/percursoseideias.iscet.pt\/wp-content\/uploads\/2022\/03\/Capa_12-724x1024.jpg\" alt=\"\" class=\"wp-image-2451\" srcset=\"https:\/\/percursoseideias.iscet.pt\/wp-content\/uploads\/2022\/03\/Capa_12-724x1024.jpg 724w, https:\/\/percursoseideias.iscet.pt\/wp-content\/uploads\/2022\/03\/Capa_12-212x300.jpg 212w, https:\/\/percursoseideias.iscet.pt\/wp-content\/uploads\/2022\/03\/Capa_12-768x1086.jpg 768w, https:\/\/percursoseideias.iscet.pt\/wp-content\/uploads\/2022\/03\/Capa_12-1086x1536.jpg 1086w, https:\/\/percursoseideias.iscet.pt\/wp-content\/uploads\/2022\/03\/Capa_12-1448x2048.jpg 1448w, https:\/\/percursoseideias.iscet.pt\/wp-content\/uploads\/2022\/03\/Capa_12-scaled.jpg 1811w\" sizes=\"auto, (max-width: 724px) 100vw, 724px\" \/><\/figure>\n\n\n\n<p class=\"has-text-align-center\" style=\"font-size:16px\"><a href=\"https:\/\/percursoseideias.iscet.pt\/index.php\/mp2022n120001\/\"><img loading=\"lazy\" decoding=\"async\" width=\"16\" height=\"13\" class=\"wp-image-373\" style=\"width: 16px;\" src=\"https:\/\/percursoseideias.iscet.pt\/wp-content\/uploads\/2022\/03\/DoubleArrow_Left.jpg\" alt=\"\" srcset=\"https:\/\/percursoseideias.iscet.pt\/wp-content\/uploads\/2022\/03\/DoubleArrow_Left.jpg 1150w, https:\/\/percursoseideias.iscet.pt\/wp-content\/uploads\/2022\/03\/DoubleArrow_Left-300x239.jpg 300w, https:\/\/percursoseideias.iscet.pt\/wp-content\/uploads\/2022\/03\/DoubleArrow_Left-1024x816.jpg 1024w, https:\/\/percursoseideias.iscet.pt\/wp-content\/uploads\/2022\/03\/DoubleArrow_Left-768x612.jpg 768w\" sizes=\"auto, (max-width: 16px) 100vw, 16px\" \/><\/a>  <a href=\"https:\/\/percursoseideias.iscet.pt\/index.php\/mp2022n120005\/\"><img loading=\"lazy\" decoding=\"async\" width=\"11\" height=\"12\" class=\"wp-image-371\" style=\"width: 11px;\" src=\"https:\/\/percursoseideias.iscet.pt\/wp-content\/uploads\/2022\/03\/Arrow_Left.jpg\" alt=\"\" srcset=\"https:\/\/percursoseideias.iscet.pt\/wp-content\/uploads\/2022\/03\/Arrow_Left.jpg 820w, https:\/\/percursoseideias.iscet.pt\/wp-content\/uploads\/2022\/03\/Arrow_Left-269x300.jpg 269w, https:\/\/percursoseideias.iscet.pt\/wp-content\/uploads\/2022\/03\/Arrow_Left-150x150.jpg 150w, https:\/\/percursoseideias.iscet.pt\/wp-content\/uploads\/2022\/03\/Arrow_Left-768x858.jpg 768w, https:\/\/percursoseideias.iscet.pt\/wp-content\/uploads\/2022\/03\/Arrow_Left-80x80.jpg 80w, https:\/\/percursoseideias.iscet.pt\/wp-content\/uploads\/2022\/03\/Arrow_Left-320x320.jpg 320w\" sizes=\"auto, (max-width: 11px) 100vw, 11px\" \/><\/a>  <a href=\"https:\/\/percursoseideias.iscet.pt\/index.php\/current-issues\/\">Contents<\/a>  <a href=\"https:\/\/percursoseideias.iscet.pt\/index.php\/tur2022n120007\/\"><img loading=\"lazy\" decoding=\"async\" width=\"11\" height=\"12\" class=\"wp-image-372\" style=\"width: 11px;\" src=\"https:\/\/percursoseideias.iscet.pt\/wp-content\/uploads\/2022\/03\/Arrow_Right.jpg\" alt=\"\" srcset=\"https:\/\/percursoseideias.iscet.pt\/wp-content\/uploads\/2022\/03\/Arrow_Right.jpg 820w, https:\/\/percursoseideias.iscet.pt\/wp-content\/uploads\/2022\/03\/Arrow_Right-269x300.jpg 269w, https:\/\/percursoseideias.iscet.pt\/wp-content\/uploads\/2022\/03\/Arrow_Right-150x150.jpg 150w, https:\/\/percursoseideias.iscet.pt\/wp-content\/uploads\/2022\/03\/Arrow_Right-768x858.jpg 768w, https:\/\/percursoseideias.iscet.pt\/wp-content\/uploads\/2022\/03\/Arrow_Right-80x80.jpg 80w, https:\/\/percursoseideias.iscet.pt\/wp-content\/uploads\/2022\/03\/Arrow_Right-320x320.jpg 320w\" sizes=\"auto, (max-width: 11px) 100vw, 11px\" \/><\/a>  <a href=\"https:\/\/percursoseideias.iscet.pt\/index.php\/sol2022n120012\/\"><img loading=\"lazy\" decoding=\"async\" width=\"16\" height=\"13\" class=\"wp-image-374\" style=\"width: 16px;\" src=\"https:\/\/percursoseideias.iscet.pt\/wp-content\/uploads\/2022\/03\/DoubleArrow_Right.jpg\" alt=\"\" srcset=\"https:\/\/percursoseideias.iscet.pt\/wp-content\/uploads\/2022\/03\/DoubleArrow_Right.jpg 1150w, https:\/\/percursoseideias.iscet.pt\/wp-content\/uploads\/2022\/03\/DoubleArrow_Right-300x239.jpg 300w, https:\/\/percursoseideias.iscet.pt\/wp-content\/uploads\/2022\/03\/DoubleArrow_Right-1024x816.jpg 1024w, https:\/\/percursoseideias.iscet.pt\/wp-content\/uploads\/2022\/03\/DoubleArrow_Right-768x612.jpg 768w\" sizes=\"auto, (max-width: 16px) 100vw, 16px\" \/><\/a><br><a href=\"https:\/\/percursoseideias.iscet.pt\/index.php\/archive\/\">Archive<\/a><\/p>\n<\/div>\n\n\n\n<div class=\"wp-block-column is-layout-flow wp-block-column-is-layout-flow\" style=\"flex-basis:66.66%\">\n<p style=\"font-size:30px\"><strong>Banhos na Floresta<\/strong><\/p>\n\n\n\n<p class=\"has-medium-font-size\">Jos\u00e9 Henrique Mour\u00e3o <a rel=\"noreferrer noopener\" href=\"mailto:jmourao@iscet.pt.\" target=\"_blank\"><img decoding=\"async\" class=\"wp-image-299\" style=\"width: 15px;\" src=\"http:\/\/magano.com\/percursoseideias\/wp-content\/uploads\/2022\/02\/envelope.png\" alt=\"\"><\/a> <sup>1<\/sup> and Henrique Ferraz <a href=\"mailto:henriqueferraz111@gmail.com.\" target=\"_blank\" rel=\"noreferrer noopener\"><img decoding=\"async\" class=\"wp-image-299\" style=\"width: 15px;\" src=\"http:\/\/magano.com\/percursoseideias\/wp-content\/uploads\/2022\/02\/envelope.png\" alt=\"\"><\/a> <sup>1<\/sup><\/p>\n\n\n\n<p style=\"font-size:15px\"><sup>1<\/sup> ISCET &#8211; High Institute of Business and Tourism Sciences, Porto, Portugal<\/p>\n\n\n\n<p style=\"font-size:16px\"><a href=\"https:\/\/percursoseideias.iscet.pt\/articles\/tur2022n120006.ris.zip\"><img loading=\"lazy\" decoding=\"async\" width=\"15\" height=\"11\" class=\"wp-image-1530\" style=\"width: 15px;\" src=\"https:\/\/percursoseideias.iscet.pt\/wp-content\/uploads\/2022\/03\/qmarks1.png\" alt=\"\" srcset=\"https:\/\/percursoseideias.iscet.pt\/wp-content\/uploads\/2022\/03\/qmarks1.png 632w, https:\/\/percursoseideias.iscet.pt\/wp-content\/uploads\/2022\/03\/qmarks1-300x229.png 300w\" sizes=\"auto, (max-width: 15px) 100vw, 15px\" \/><\/a> <a href=\"https:\/\/percursoseideias.iscet.pt\/articles\/tur2022n120006.ris.zip\">Download citation<\/a>. To cite this text:<\/p>\n\n\n\n<p style=\"font-size:15px\">Mour\u00e3o, J. H. &amp; Ferraz, H. (2022). Banhos na Floresta, <em>Percursos &amp; Ideias<\/em>, <em>12<\/em>, 38-45.<\/p>\n\n\n\n<p style=\"font-size:15px\">Published 12 October 2022. Language: Portuguese.<\/p>\n\n\n\n<p style=\"font-size:15px\">doi:10.56123\/percursos.2022.n12.38<\/p>\n\n\n\n<p style=\"font-size:15px\">Section: Tourism.<\/p>\n\n\n\n<p style=\"font-size:15px\"><a href=\"https:\/\/percursoseideias.iscet.pt\/articles\/tur2022n120006.pdf\" target=\"_blank\" rel=\"noreferrer noopener\">View Full Text PDF<\/a> <a href=\"https:\/\/percursoseideias.iscet.pt\/articles\/tur2022n120006.pdf\" target=\"_blank\" rel=\"noreferrer noopener\"><img decoding=\"async\" class=\"wp-image-213\" style=\"width: 20px;\" src=\"http:\/\/magano.com\/percursoseideias\/wp-content\/uploads\/2022\/02\/PDF_logo.jpeg\" alt=\"\"><\/a>  <\/p>\n\n\n\n<p><strong>Abstract<\/strong><\/p>\n\n\n\n<p style=\"font-size:16px\">This work aims to let know an almost strange theme, with a recent practice in Portugal, although it dates back to the 80s of the 20th century. These are the \u201cforest baths\u201d or \u201cshinrin-yoku\u201d, created by the Commissioner of the Japanese Forestry Agency, Tomohide Akiyama. Several scientists and some clinicians have carried out studies, concluding how trees can help us for better health, for the increasing energy and happiness levels, reducing stress levels and preventing diseases. Examples of such scholars are Japanese: Dr. Qing Li (author of the book \u201cshinrin-yoku\u201d) and Masafumi Miyazaki, who explored this topic in depth and on credible scientific grounds. According to Dr. Qing Li, this practice means bathing in the atmosphere of the forest or absorbing the forest through one&#8217;s senses, establishing a man-nature connection.<\/p>\n\n\n\n<p><strong>Keywords<\/strong><\/p>\n\n\n\n<p style=\"font-size:16px\">Forest bath, Shinrin-yoku, Therapy, Wellness tourism.<\/p>\n\n\n\n<p><strong>References<\/strong><\/p>\n\n\n\n<p style=\"font-size:14px\">A HERBALISTA (s\/d), \u201cSilvoterapia\u201d, in <em>International Knowledge of Food, Herbs &amp; Health<\/em>, [Consult. a 06\/06\/2021]. Dispon\u00edvel em: <a href=\"https:\/\/www.aherbalista.com.br\/silvoterapia\" target=\"_blank\" rel=\"noreferrer noopener\">https:\/\/www.aherbalista.com.br\/silvoterapia<\/a>. &nbsp;<\/p>\n\n\n\n<p style=\"font-size:14px\">BANCO MUNDIAL (2020), <em>Jap\u00f3n<\/em>, [Consult. a 13\/10\/2021]. Dispon\u00edvel em: <a href=\"https:\/\/datos.bancomundial.org\/pais\/japon\" target=\"_blank\" rel=\"noreferrer noopener\">https:\/\/datos.bancomundial.org\/pais\/japon<\/a>.<\/p>\n\n\n\n<p style=\"font-size:14px\">CASTRO, Marina (2021), \u201cA antropologia dos sentidos e a etnografia sensorial: disson\u00e2ncias, asson\u00e2ncias e resson\u00e2ncias\u201d, in <em>Revista de Antropologia<\/em>, 64(2). DOI:&nbsp;10.11606\/1678-9857.ra.2021.186657, [Consult. a 19\/10\/2021]. Dispon\u00edvel em: <a href=\"https:\/\/www.revistas.usp.br\/ra\/article\/view\/186657\/174795\" target=\"_blank\" rel=\"noreferrer noopener\">https:\/\/www.revistas.usp.br\/ra\/article\/view\/186657\/174795<\/a>.<\/p>\n\n\n\n<p style=\"font-size:14px\">CLIFFORD, M. Amos (2018), <em>O guia dos banhos de floresta<\/em>, Aveiro, Lua de Papel Editora.<\/p>\n\n\n\n<p style=\"font-size:14px\">DHOUAILLY, Claire (2018), \u201cLa sylvoth\u00e9rapie nettoie l\u2019esprit des pens\u00e9es stressantes\u201d, in <em>Le Monde<\/em>, [Consult. a 07\/05\/2021. Dispon\u00edvel em: <a href=\"https:\/\/www.lemonde.fr\/mstyles\/article\/2018\/07\/24\/la-sylvotherapie-nettoie-l-esprit-des-penseesstressantes_5335221_4497319.html\" target=\"_blank\" rel=\"noreferrer noopener\">https:\/\/www.lemonde.fr\/mstyles\/article\/2018\/07\/24\/la-sylvotherapie-nettoie-l-esprit-des-penseesstressantes_5335221_4497319.html<\/a>.<\/p>\n\n\n\n<p style=\"font-size:14px\">FARKIC, Jelena et al. (2021), \u201cForest bathing as a mindful tourism practice\u201d, in <em>Annals of Tourism Research Empirical Insights<\/em>, 2(2), November 2021, [Consult. a 08\/09\/2021]. Dispon\u00edvel em: <a href=\"https:\/\/www.sciencedirect.com\/science\/article\/pii\/S2666957921000197\" target=\"_blank\" rel=\"noreferrer noopener\">https:\/\/www.sciencedirect.com\/science\/article\/pii\/S2666957921000197<\/a>.<\/p>\n\n\n\n<p style=\"font-size:14px\">FITZGERALD, Sunny (2019), \u201cThe secret to mindful travel? A walk in the woods. Visit these five destinations to practice the Japanese art of forest bathing\u201d, in <em>National Geograph<\/em>ic, outubro 18, 2019, [Consult. a 19\/10\/2021]. Dispon\u00edvel em: <a href=\"https:\/\/www.nationalgeographic.com\/travel\/article\/forest-bathing-nature-walk-health\" target=\"_blank\" rel=\"noreferrer noopener\">https:\/\/www.nationalgeographic.com\/travel\/article\/forest-bathing-nature-walk-health<\/a>.<\/p>\n\n\n\n<p style=\"font-size:14px\">GALAFATE, Cristina (2017), \u201cBa\u00f1os de bosque, la \u00faltima tend\u00eancia contra el estr\u00e9s\u201d, in <em>El Mundo<\/em>, [Consult. a 10\/05\/2021]. Dispon\u00edvel em: <a href=\"https:\/\/www.elmundo.es\/vidasana\/bienestar\/2017\/11\/13\/5a05c253268e3ec0358b4658.html\" target=\"_blank\" rel=\"noreferrer noopener\">https:\/\/www.elmundo.es\/vidasana\/bienestar\/2017\/11\/13\/5a05c253268e3ec0358b4658.html<\/a>.<\/p>\n\n\n\n<p style=\"font-size:14px\">GESSE, Alex (2018), <em>Sentir el Bosque. La experiencia del SHINRIN-YOKU o \u201cBa\u00f1o de Bosque\u201d<\/em>, [Consult. a 07\/09\/2021]. Dispon\u00edvel em:&nbsp; <a href=\"https:\/\/www.iberlibro.com\/buscarlibro\/autor\/%E1lex-gesse\/\" target=\"_blank\" rel=\"noreferrer noopener\">https:\/\/www.iberlibro.com\/buscarlibro\/autor\/%E1lex-gesse\/<\/a>.<\/p>\n\n\n\n<p style=\"font-size:14px\">GLOBAL WELLNESS INSTITUTE (2020), <em>Definition of Forest Bathing<\/em>, [Consult. a 10\/10\/2021]. Dispon\u00edvel em: <a href=\"https:\/\/globalwellnessinstitute.org\/wellnessevidence\/forest-bathing\/\" target=\"_blank\" rel=\"noreferrer noopener\">https:\/\/globalwellnessinstitute.org\/wellnessevidence\/forest-bathing\/<\/a>.<\/p>\n\n\n\n<p style=\"font-size:14px\">GRANDE HOTEL DO LUSO (2020), <em>Luso Oriental 2020 \u2013 programas de banhos da floresta<\/em>, [Consult. a 10\/05\/2021]. Dispon\u00edvel em: https:\/\/www.hoteluso.com\/wpcontent\/uploads\/2020\/09\/LUSO_WELLNESS_desconto.pdf. &nbsp;<\/p>\n\n\n\n<p style=\"font-size:14px\">INSTITUTO DE BANHOS DE FLORESTA (2021), <em>A Terapia da Floresta. O ant\u00eddoto para os modernos estilos estressantes<\/em>, [Consult. a 07\/05\/2021]. Dispon\u00edvel em: <a href=\"https:\/\/www.institutodebanhosdefloresta.pt\/\" target=\"_blank\" rel=\"noreferrer noopener\">https:\/\/www.institutodebanhosdefloresta.pt\/<\/a>.<\/p>\n\n\n\n<p style=\"font-size:14px\">LI, Qing (2018), <em>Shinrin \u2013 Yoku<\/em>. Nascente Editora.<\/p>\n\n\n\n<p style=\"font-size:14px\">LI, Qing (2019), <em>Effets des for\u00eats et des bains de for\u00eat (shinrin-yoku) sur la sant\u00e9 humaine: une revue de la litt\u00e9rature<\/em>, [Consult. a 07\/05\/2021]. Dispon\u00edvel em: <a href=\"https:\/\/www.cairn.info\/revue-sante-publique-2019-HS1-page-135.html\" target=\"_blank\" rel=\"noreferrer noopener\">https:\/\/www.cairn.info\/revue-sante-publique-2019-HS1-page-135.html<\/a>.<\/p>\n\n\n\n<p style=\"font-size:14px\">MAFF (2021), <em>Minist\u00e9rio Japon\u00eas de Agricultura, Florestas e Pescas<\/em>, [Consult. a 24\/04\/2021]. Dispon\u00edvel em: <a href=\"https:\/\/www.maff.go.jp\/e\/policies\/forestry\/\" target=\"_blank\" rel=\"noreferrer noopener\">https:\/\/www.maff.go.jp\/e\/policies\/forestry\/<\/a>.<\/p>\n\n\n\n<p style=\"font-size:14px\">MAO, G. et al. (2012), \u201cEffects of short-term forest bathing on human health in a broad-leaved evergreen forest in Zhejiang Province, China\u201d, in <em>Biomedical and Environmental Sciences<\/em>, 25(3), pp. 317-324. DOI: 10.3967\/0895-3988.2012.03.010, [Consult. a 06\/06\/2021]. Dispon\u00edvel em: <a href=\"https:\/\/pubmed.ncbi.nlm.nih.gov\/22840583\/\" target=\"_blank\" rel=\"noreferrer noopener\">https:\/\/pubmed.ncbi.nlm.nih.gov\/22840583\/<\/a>.<\/p>\n\n\n\n<p style=\"font-size:14px\">MCNICOL, Tony (2018), \u201cCi\u00eancia dos efeitos do banho na floresta: Professor Masafumi Miyazaki da Universidade de Chiba\u201d, in <em>Nippon<\/em>, [Consult. a 30\/09\/2021]. Dispon\u00edvel em: <a href=\"https:\/\/www.nippon.com\/ja\/people\/e00140\/\" target=\"_blank\" rel=\"noreferrer noopener\">https:\/\/www.nippon.com\/ja\/people\/e00140\/<\/a>.<\/p>\n\n\n\n<p style=\"font-size:14px\">OHE, Yasuo; MIYAZAKI, Yoshifumi et al. (2017), \u201cEvaluating the relaxation effects of emerging forest-therapy tourism: a multidisciplinary approach\u201d, in <em>Tourism Management<\/em>, 62, pp. 322-334, [Consult. a 24\/04\/2021]. Dispon\u00edvel em: <a href=\"https:\/\/www.sciencedirect.com\/science\/article\/pii\/S0261517717300961\" target=\"_blank\" rel=\"noreferrer noopener\">https:\/\/www.sciencedirect.com\/science\/article\/pii\/S0261517717300961<\/a>.<\/p>\n\n\n\n<p style=\"font-size:14px\">OHTSUKA, Y et al. (1998), \u201cShinrin-yoku (forest-air bathing and walking) effectively decreases blood glucose levels in diabetic patients\u201d, in <em>International Journal of Biometeorology<\/em>, 41(3), pp. 125-7, [Consult. a 10\/06\/2021]. Dispon\u00edvel em: <a href=\"https:\/\/pubmed.ncbi.nlm.nih.gov\/9531856\/\" target=\"_blank\" rel=\"noreferrer noopener\">https:\/\/pubmed.ncbi.nlm.nih.gov\/9531856\/<\/a>.<\/p>\n\n\n\n<p style=\"font-size:14px\">OMT (2020), <em>Organiza\u00e7\u00e3o Mundial do Turismo das Na\u00e7\u00f5es Unidas. Objetivos de Desenvolvimento Sustent\u00e1vel das Na\u00e7\u00f5es Unidas<\/em>, [Consult. a 27\/04\/2021]. &nbsp;Dispon\u00edvel em: <a href=\"https:\/\/news.un.org\/pt\/story\/2020\/06\/1716282\" target=\"_blank\" rel=\"noreferrer noopener\">https:\/\/news.un.org\/pt\/story\/2020\/06\/1716282<\/a>.<\/p>\n\n\n\n<p style=\"font-size:14px\">PORTO EDITORA (2013-2021), <em>Infop\u00e9dia<\/em>, [Consult. a 27\/04\/2021]. Dispon\u00edvel em: <a href=\"https:\/\/www.infopedia.pt\/Sciro-o-grande\" target=\"_blank\" rel=\"noreferrer noopener\">https:\/\/www.infopedia.pt\/Sciro-o-grande<\/a>.<\/p>\n\n\n\n<p style=\"font-size:14px\">SCHRECK, In\u00eas (2021), \u201cBanhos de Natureza para reduzir stress\u201d, in <em>Not\u00edcias Magazine<\/em>, 30 de maio de 2021, [Consult. a 11-09-2021]. Dispon\u00edvel em: <a href=\"https:\/\/www.noticiasmagazine.pt\/2021\/banhos-de-natureza-para-reduzirstress\/bem-estar\/263458\/\" target=\"_blank\" rel=\"noreferrer noopener\">https:\/\/www.noticiasmagazine.pt\/2021\/banhos-de-natureza-para-reduzirstress\/bem-estar\/263458\/<\/a>.<\/p>\n\n\n\n<p style=\"font-size:14px\">SHERWOOD, Harriet (2019), \u201cGetting back to nature: how forest bathing can make us feel better\u201d, in <em>The Guardian \u2013 International Edition<\/em>, 8 jun. 2019, [Consult. a 11\/09\/2021]. Dispon\u00edvel em: <a href=\"https:\/\/www.theguardian.com\/environment\/2019\/jun\/08\/forest-bathing-japanese-practice-in-west-wellbeing\" target=\"_blank\" rel=\"noreferrer noopener\">https:\/\/www.theguardian.com\/environment\/2019\/jun\/08\/forest-bathing-japanese-practice-in-west-wellbeing<\/a>.<\/p>\n\n\n\n<p style=\"font-size:14px\">STATISTA.COM (2021), <em>Number of suicides related to problems at work in Japan from 2011 to 2020<\/em>, [Consult. a 22\/01\/2022]. Dispon\u00edvel em: <a href=\"https:\/\/www.statista.com\/statistics\/622325\/japan-work-related-suicides\/#:~:text=In%202020%2C%20the%20number%20of,known%20phenomenon%20in%20Japanese%20society\" target=\"_blank\" rel=\"noreferrer noopener\">https:\/\/www.statista.com\/statistics\/622325\/japan-work-related- suicides\/#:~:text=In%202020%2C%20the%20number%20of,known%20phenomenon%20in%20Japanese%20society<\/a>.<\/p>\n<\/div>\n<\/div>\n","protected":false},"excerpt":{"rendered":"<p>Contents Archive Banhos na Floresta Jos\u00e9 Henrique Mour\u00e3o 1 and Henrique Ferraz 1 1 ISCET &#8211; High Institute of Business and Tourism Sciences, Porto, Portugal Download citation. To cite this text: Mour\u00e3o, J. H.&#46;&#46;&#46;<\/p>\n","protected":false},"author":6,"featured_media":0,"parent":0,"menu_order":0,"comment_status":"closed","ping_status":"closed","template":"","meta":{"footnotes":""},"class_list":["post-1481","page","type-page","status-publish","hentry"],"_links":{"self":[{"href":"https:\/\/percursoseideias.iscet.pt\/index.php\/wp-json\/wp\/v2\/pages\/1481","targetHints":{"allow":["GET"]}}],"collection":[{"href":"https:\/\/percursoseideias.iscet.pt\/index.php\/wp-json\/wp\/v2\/pages"}],"about":[{"href":"https:\/\/percursoseideias.iscet.pt\/index.php\/wp-json\/wp\/v2\/types\/page"}],"author":[{"embeddable":true,"href":"https:\/\/percursoseideias.iscet.pt\/index.php\/wp-json\/wp\/v2\/users\/6"}],"replies":[{"embeddable":true,"href":"https:\/\/percursoseideias.iscet.pt\/index.php\/wp-json\/wp\/v2\/comments?post=1481"}],"version-history":[{"count":26,"href":"https:\/\/percursoseideias.iscet.pt\/index.php\/wp-json\/wp\/v2\/pages\/1481\/revisions"}],"predecessor-version":[{"id":2862,"href":"https:\/\/percursoseideias.iscet.pt\/index.php\/wp-json\/wp\/v2\/pages\/1481\/revisions\/2862"}],"wp:attachment":[{"href":"https:\/\/percursoseideias.iscet.pt\/index.php\/wp-json\/wp\/v2\/media?parent=1481"}],"curies":[{"name":"wp","href":"https:\/\/api.w.org\/{rel}","templated":true}]}}