{"id":1475,"date":"2022-03-04T16:52:03","date_gmt":"2022-03-04T16:52:03","guid":{"rendered":"http:\/\/percursoseideias.iscet.pt\/?page_id=1475"},"modified":"2022-10-15T15:28:27","modified_gmt":"2022-10-15T15:28:27","slug":"mp2022n120003","status":"publish","type":"page","link":"https:\/\/percursoseideias.iscet.pt\/index.php\/mp2022n120003\/","title":{"rendered":"Volume 12 &#8211; 2022 (0003)"},"content":{"rendered":"\n<div class=\"wp-block-columns is-layout-flex wp-container-core-columns-is-layout-9d6595d7 wp-block-columns-is-layout-flex\">\n<div class=\"wp-block-column is-layout-flow wp-block-column-is-layout-flow\" style=\"flex-basis:20%\">\n<figure class=\"wp-block-image size-large\"><img loading=\"lazy\" decoding=\"async\" width=\"724\" height=\"1024\" src=\"https:\/\/percursoseideias.iscet.pt\/wp-content\/uploads\/2022\/03\/Capa_12-724x1024.jpg\" alt=\"\" class=\"wp-image-2451\" srcset=\"https:\/\/percursoseideias.iscet.pt\/wp-content\/uploads\/2022\/03\/Capa_12-724x1024.jpg 724w, https:\/\/percursoseideias.iscet.pt\/wp-content\/uploads\/2022\/03\/Capa_12-212x300.jpg 212w, https:\/\/percursoseideias.iscet.pt\/wp-content\/uploads\/2022\/03\/Capa_12-768x1086.jpg 768w, https:\/\/percursoseideias.iscet.pt\/wp-content\/uploads\/2022\/03\/Capa_12-1086x1536.jpg 1086w, https:\/\/percursoseideias.iscet.pt\/wp-content\/uploads\/2022\/03\/Capa_12-1448x2048.jpg 1448w, https:\/\/percursoseideias.iscet.pt\/wp-content\/uploads\/2022\/03\/Capa_12-scaled.jpg 1811w\" sizes=\"auto, (max-width: 724px) 100vw, 724px\" \/><\/figure>\n\n\n\n<p class=\"has-text-align-center\" style=\"font-size:16px\"><a href=\"https:\/\/percursoseideias.iscet.pt\/index.php\/mp2022n120001\/\"><img loading=\"lazy\" decoding=\"async\" width=\"16\" height=\"13\" class=\"wp-image-373\" style=\"width: 16px;\" src=\"https:\/\/percursoseideias.iscet.pt\/wp-content\/uploads\/2022\/03\/DoubleArrow_Left.jpg\" alt=\"\" srcset=\"https:\/\/percursoseideias.iscet.pt\/wp-content\/uploads\/2022\/03\/DoubleArrow_Left.jpg 1150w, https:\/\/percursoseideias.iscet.pt\/wp-content\/uploads\/2022\/03\/DoubleArrow_Left-300x239.jpg 300w, https:\/\/percursoseideias.iscet.pt\/wp-content\/uploads\/2022\/03\/DoubleArrow_Left-1024x816.jpg 1024w, https:\/\/percursoseideias.iscet.pt\/wp-content\/uploads\/2022\/03\/DoubleArrow_Left-768x612.jpg 768w\" sizes=\"auto, (max-width: 16px) 100vw, 16px\" \/><\/a>  <a href=\"https:\/\/percursoseideias.iscet.pt\/index.php\/sol2022n120002\/\"><img loading=\"lazy\" decoding=\"async\" width=\"11\" height=\"12\" class=\"wp-image-371\" style=\"width: 11px;\" src=\"https:\/\/percursoseideias.iscet.pt\/wp-content\/uploads\/2022\/03\/Arrow_Left.jpg\" alt=\"\" srcset=\"https:\/\/percursoseideias.iscet.pt\/wp-content\/uploads\/2022\/03\/Arrow_Left.jpg 820w, https:\/\/percursoseideias.iscet.pt\/wp-content\/uploads\/2022\/03\/Arrow_Left-269x300.jpg 269w, https:\/\/percursoseideias.iscet.pt\/wp-content\/uploads\/2022\/03\/Arrow_Left-150x150.jpg 150w, https:\/\/percursoseideias.iscet.pt\/wp-content\/uploads\/2022\/03\/Arrow_Left-768x858.jpg 768w, https:\/\/percursoseideias.iscet.pt\/wp-content\/uploads\/2022\/03\/Arrow_Left-80x80.jpg 80w, https:\/\/percursoseideias.iscet.pt\/wp-content\/uploads\/2022\/03\/Arrow_Left-320x320.jpg 320w\" sizes=\"auto, (max-width: 11px) 100vw, 11px\" \/><\/a>  <a href=\"https:\/\/percursoseideias.iscet.pt\/index.php\/current-issues\/\">Contents<\/a>  <a href=\"https:\/\/percursoseideias.iscet.pt\/index.php\/ci2022n120004\/\"><img loading=\"lazy\" decoding=\"async\" width=\"11\" height=\"12\" class=\"wp-image-372\" style=\"width: 11px;\" src=\"https:\/\/percursoseideias.iscet.pt\/wp-content\/uploads\/2022\/03\/Arrow_Right.jpg\" alt=\"\" srcset=\"https:\/\/percursoseideias.iscet.pt\/wp-content\/uploads\/2022\/03\/Arrow_Right.jpg 820w, https:\/\/percursoseideias.iscet.pt\/wp-content\/uploads\/2022\/03\/Arrow_Right-269x300.jpg 269w, https:\/\/percursoseideias.iscet.pt\/wp-content\/uploads\/2022\/03\/Arrow_Right-150x150.jpg 150w, https:\/\/percursoseideias.iscet.pt\/wp-content\/uploads\/2022\/03\/Arrow_Right-768x858.jpg 768w, https:\/\/percursoseideias.iscet.pt\/wp-content\/uploads\/2022\/03\/Arrow_Right-80x80.jpg 80w, https:\/\/percursoseideias.iscet.pt\/wp-content\/uploads\/2022\/03\/Arrow_Right-320x320.jpg 320w\" sizes=\"auto, (max-width: 11px) 100vw, 11px\" \/><\/a>  <a href=\"https:\/\/percursoseideias.iscet.pt\/index.php\/sol2022n120012\/\"><img loading=\"lazy\" decoding=\"async\" width=\"16\" height=\"13\" class=\"wp-image-374\" style=\"width: 16px;\" src=\"https:\/\/percursoseideias.iscet.pt\/wp-content\/uploads\/2022\/03\/DoubleArrow_Right.jpg\" alt=\"\" srcset=\"https:\/\/percursoseideias.iscet.pt\/wp-content\/uploads\/2022\/03\/DoubleArrow_Right.jpg 1150w, https:\/\/percursoseideias.iscet.pt\/wp-content\/uploads\/2022\/03\/DoubleArrow_Right-300x239.jpg 300w, https:\/\/percursoseideias.iscet.pt\/wp-content\/uploads\/2022\/03\/DoubleArrow_Right-1024x816.jpg 1024w, https:\/\/percursoseideias.iscet.pt\/wp-content\/uploads\/2022\/03\/DoubleArrow_Right-768x612.jpg 768w\" sizes=\"auto, (max-width: 16px) 100vw, 16px\" \/><\/a><br><a href=\"https:\/\/percursoseideias.iscet.pt\/index.php\/archive\/\">Archive<\/a><\/p>\n<\/div>\n\n\n\n<div class=\"wp-block-column is-layout-flow wp-block-column-is-layout-flow\" style=\"flex-basis:66.66%\">\n<p style=\"font-size:30px\"><strong>Marketing 5.0: A Publicidade e as Narrativas que Conectam<\/strong><\/p>\n\n\n\n<p class=\"has-medium-font-size\">Daniel Ladeira de Ara\u00fajo <a href=\"https:\/\/orcid.org\/0000-0002-9175-251X\" target=\"_blank\" rel=\"noreferrer noopener\"><img decoding=\"async\" class=\"wp-image-258\" style=\"width: 15px;\" src=\"http:\/\/magano.com\/percursoseideias\/wp-content\/uploads\/2022\/02\/orcid-og-image.png\" alt=\"\"><\/a> <a href=\"mailto:professorladeira@gmail.com\" target=\"_blank\" rel=\"noreferrer noopener\"><img decoding=\"async\" class=\"wp-image-299\" style=\"width: 15px;\" src=\"http:\/\/magano.com\/percursoseideias\/wp-content\/uploads\/2022\/02\/envelope.png\" alt=\"\"><\/a> <sup>1<\/sup><\/p>\n\n\n\n<p style=\"font-size:15px\"><sup>1<\/sup> ISCET &#8211; High Institute of Business and Tourism Sciences, Porto, Portugal<\/p>\n\n\n\n<p style=\"font-size:16px\"><a href=\"https:\/\/percursoseideias.iscet.pt\/articles\/mp2022n120003.ris.zip\" target=\"_blank\" rel=\"noreferrer noopener\"><img loading=\"lazy\" decoding=\"async\" width=\"15\" height=\"11\" class=\"wp-image-1530\" style=\"width: 15px;\" src=\"https:\/\/percursoseideias.iscet.pt\/wp-content\/uploads\/2022\/03\/qmarks1.png\" alt=\"\" srcset=\"https:\/\/percursoseideias.iscet.pt\/wp-content\/uploads\/2022\/03\/qmarks1.png 632w, https:\/\/percursoseideias.iscet.pt\/wp-content\/uploads\/2022\/03\/qmarks1-300x229.png 300w\" sizes=\"auto, (max-width: 15px) 100vw, 15px\" \/><\/a> <a href=\"https:\/\/percursoseideias.iscet.pt\/articles\/mp2022n120003.ris.zip\" target=\"_blank\" rel=\"noreferrer noopener\">Download citation<\/a>. To cite this text:<\/p>\n\n\n\n<p style=\"font-size:15px\">Ara\u00fajo, D. L. (2022). Marketing 5.0: A Publicidade e as Narrativas que Conectam, <em>Percursos &amp; Ideias<\/em>, <em>12<\/em>, 20-26.<\/p>\n\n\n\n<p style=\"font-size:15px\">doi:10.56123\/percursos.2022.n12.20<\/p>\n\n\n\n<p style=\"font-size:15px\">Published 12 October 2022. Language: Portuguese.<\/p>\n\n\n\n<p style=\"font-size:15px\">Section: Marketing &amp; Advertising.<\/p>\n\n\n\n<p style=\"font-size:15px\"><a href=\"https:\/\/percursoseideias.iscet.pt\/articles\/mp2022n120003.pdf\" target=\"_blank\" rel=\"noreferrer noopener\">View Full Text PDF<\/a> <a href=\"https:\/\/percursoseideias.iscet.pt\/articles\/mp2022n120003.pdf\" target=\"_blank\" rel=\"noreferrer noopener\"><img decoding=\"async\" class=\"wp-image-213\" style=\"width: 20px;\" src=\"http:\/\/magano.com\/percursoseideias\/wp-content\/uploads\/2022\/02\/PDF_logo.jpeg\" alt=\"\"><\/a>  <\/p>\n\n\n\n<p><strong>Abstract<\/strong><\/p>\n\n\n\n<p style=\"font-size:16px\">This article proposes a reflection on the concept of Marketing 5.0 from the analysis of discourses present in advertising narratives. Added to this reflection is a brief literature review on aspects related to the process of discursive analysis and narratives present in an award-winning advertising campaign during the Covid-19 pandemic. Thus, this reflection seeks to understand how the advent of new technologies can be considered by marketing and communication professionals, concomitantly with behavioral and emotional aspects of consumers.<\/p>\n\n\n\n<p><strong>Keywords<\/strong><\/p>\n\n\n\n<p style=\"font-size:16px\">Marketing 5.0, Advertising, Communication, Speech analysis, Tourism.<\/p>\n\n\n\n<p><strong>References<\/strong><\/p>\n\n\n\n<p style=\"font-size:14px\">ARORA, A. et al. (2020), <em>Reimagining marketing in the next normal<\/em>, [Consult. a 19.11.2021]. Dispon\u00edvel em: <a href=\"https:\/\/www.mckinsey.com\/business-functions\/marketing-and-sales\/our-insights\/reimagining-marketing-in-the-next-normal\" target=\"_blank\" rel=\"noreferrer noopener\">https:\/\/www.mckinsey.com\/business-functions\/marketing-and-sales\/our-insights\/reimagining-marketing-in-the-next-normal<\/a>.<\/p>\n\n\n\n<p style=\"font-size:14px\">AUTHIER-REVUZ, Jacqueline (2004), <em>Entre a transpar\u00eancia e a opacidade: um estudo enunciativo do sentido<\/em>, Porto Alegre, EDIPUCRS.<\/p>\n\n\n\n<p style=\"font-size:14px\">BAKHTIN, Mikhail (2011), <em>Est\u00e9tica da cria\u00e7\u00e3o verbal<\/em>, 6.\u00aa ed., S\u00e3o Paulo, WMF Martins Fontes.<\/p>\n\n\n\n<p style=\"font-size:14px\">BARTHES, R. et al. (2013), <em>An\u00e1lise estrutural da narrativa<\/em>, 8.\u00aa ed., Petr\u00f3polis, Vozes.<\/p>\n\n\n\n<p style=\"font-size:14px\">BARTIK, A. W. et al. (2020), \u201cHow are small businesses adjusting to COVID-19? Early evidence from a survey\u201d, in <em>National Bureau of Economic Research<\/em>, working paper 26989, [Consult. a 01.12.2021]. Dispon\u00edvel em: <a href=\"https:\/\/www.nber.org\/papers\/w26989\" target=\"_blank\" rel=\"noreferrer noopener\">https:\/\/www.nber.org\/papers\/w26989<\/a>.<\/p>\n\n\n\n<p style=\"font-size:14px\">BOURDIEU, Pierre (2021), <em>O Poder Simb\u00f3lico<\/em>, 2.\u00aa ed., Lisboa, Edi\u00e7\u00f5es 70.<\/p>\n\n\n\n<p style=\"font-size:14px\">CHARAUDEAU, Patrick (2013), <em>Discurso das m\u00eddias<\/em>, S\u00e3o Paulo, Contexto.<\/p>\n\n\n\n<p style=\"font-size:14px\">FIGARO, Roseli (org.) (2021), <em>Comunica\u00e7\u00e3o e An\u00e1lise do Discurso<\/em>, S\u00e3o Paulo, Contexto.<\/p>\n\n\n\n<p style=\"font-size:14px\">KOTLER, Philip; KARTAKAYA, Hermawan; SETIAEAN, Iwan (2021), <em>Marketing 5.0: technology for humanity<\/em>, New Jersey, Wiley.<\/p>\n\n\n\n<p style=\"font-size:14px\">LABERGE, L. et al. (2020), <em>How COVID-19 has pushed companies over the technology tipping point and transformed business forever<\/em>, [Consult. a 01.12.2021]. Dispon\u00edvel em: <a href=\"https:\/\/www.mckinsey.com\/business-functions\/strategy-and-corporate-finance\/our-insights\/how-covid-19-has-pushed-companies-over-the-technology-tipping-point-and-transformed-business-forever.\" target=\"_blank\" rel=\"noreferrer noopener\">https:\/\/www.mckinsey.com\/business-functions\/strategy-and-corporate-finance\/our-insights\/how-covid-19-has-pushed-companies-over-the-technology-tipping-point-and-transformed-business-forever.<\/a><\/p>\n\n\n\n<p style=\"font-size:14px\">MARTINO, Lu\u00eds Mauro S\u00e1 (2014), <em>Comunica\u00e7\u00e3o &amp; identidade: quem voc\u00ea pensa que \u00e9?<\/em>, S\u00e3o Paulo, Paulus Editora.<\/p>\n\n\n\n<p style=\"font-size:14px\">MEDINA, Cremilda (2003), <em>A arte de tecer o presente: narrativa e cotidiano<\/em>, S\u00e3o Paulo, Summus.<\/p>\n\n\n\n<p style=\"font-size:14px\">MOTTA, Luiz Gonzaga (2005), <em>Narratologia, teoria e an\u00e1lise narrativa<\/em>, Bras\u00edlia, Casa das Musas.<\/p>\n\n\n\n<p style=\"font-size:14px\">____ (2013), <em>An\u00e1lise cr\u00edtica da narrativa<\/em>, Bras\u00edlia, Editora Universidade de Bras\u00edlia.<\/p>\n\n\n\n<p style=\"font-size:14px\">ORLANDI, Eni Puccinelli (2017), <em>An\u00e1lise de discurso: Michel P\u00eacheux<\/em>, Campinas, Pontes Editores.<\/p>\n\n\n\n<p style=\"font-size:14px\">OWOLABI, A. B. (2009), \u201cEffect of Consumers Mood on Advertising Effectiveness\u201d, in <em>Europe\u2019s Journal of Psychology<\/em>, 5(4), pp. 118-127, [Consult. a 20.11.2021]. Dispon\u00edvel em: <a href=\"https:\/\/doi.org\/10.5964\/ejop.v5i4.243\" target=\"_blank\" rel=\"noreferrer noopener\">https:\/\/doi.org\/10.5964\/ejop.v5i4.243<\/a>.<\/p>\n\n\n\n<p style=\"font-size:14px\">RICHTER, A. (2020), \u201cLocked-down digital work\u201d, in <em>International Journal of Information Management<\/em>, 55, 102157, [Consult. a 30.11.2021]. Dispon\u00edvel em: <a href=\"https:\/\/doi.org\/10.1016\/j.ijinfomgt.2020.102157\" target=\"_blank\" rel=\"noreferrer noopener\">https:\/\/doi.org\/10.1016\/j.ijinfomgt.2020.102157<\/a>.<\/p>\n\n\n\n<p style=\"font-size:14px\">RUCKER, D. D. &amp; PETTY, R. E. (2004), \u201cEmotion specificity and consumer behavior: anger, sadness, and preference for activity\u201d, in <em>Motivation and Emotion<\/em>, 28(1), pp. 3-21.<\/p>\n\n\n\n<p style=\"font-size:14px\">SILVA, W. M. da et al. (2021), \u201cDigital marketing, E-commerce and pandemia: a bibliographic review on the brazilian panorama\u201d, in <em>Research, Society and Development<\/em>, 10(5), e45210515054, [Consult. a 08.12.2021]. Dispon\u00edvel em: <a href=\"https:\/\/doi.org\/10.33448\/rsd-v10i5.15054\" target=\"_blank\" rel=\"noreferrer noopener\">https:\/\/doi.org\/<\/a><a href=\"https:\/\/doi.org\/10.33448\/rsd-v10i5.15054\">10.33448\/rsd-v10i5.15054<\/a>.<\/p>\n<\/div>\n<\/div>\n\n\n\n<p><\/p>\n","protected":false},"excerpt":{"rendered":"<p>Contents Archive Marketing 5.0: A Publicidade e as Narrativas que Conectam Daniel Ladeira de Ara\u00fajo 1 1 ISCET &#8211; High Institute of Business and Tourism Sciences, Porto, Portugal Download citation. To cite this text:&#46;&#46;&#46;<\/p>\n","protected":false},"author":6,"featured_media":0,"parent":0,"menu_order":0,"comment_status":"closed","ping_status":"closed","template":"","meta":{"footnotes":""},"class_list":["post-1475","page","type-page","status-publish","hentry"],"_links":{"self":[{"href":"https:\/\/percursoseideias.iscet.pt\/index.php\/wp-json\/wp\/v2\/pages\/1475","targetHints":{"allow":["GET"]}}],"collection":[{"href":"https:\/\/percursoseideias.iscet.pt\/index.php\/wp-json\/wp\/v2\/pages"}],"about":[{"href":"https:\/\/percursoseideias.iscet.pt\/index.php\/wp-json\/wp\/v2\/types\/page"}],"author":[{"embeddable":true,"href":"https:\/\/percursoseideias.iscet.pt\/index.php\/wp-json\/wp\/v2\/users\/6"}],"replies":[{"embeddable":true,"href":"https:\/\/percursoseideias.iscet.pt\/index.php\/wp-json\/wp\/v2\/comments?post=1475"}],"version-history":[{"count":36,"href":"https:\/\/percursoseideias.iscet.pt\/index.php\/wp-json\/wp\/v2\/pages\/1475\/revisions"}],"predecessor-version":[{"id":2860,"href":"https:\/\/percursoseideias.iscet.pt\/index.php\/wp-json\/wp\/v2\/pages\/1475\/revisions\/2860"}],"wp:attachment":[{"href":"https:\/\/percursoseideias.iscet.pt\/index.php\/wp-json\/wp\/v2\/media?parent=1475"}],"curies":[{"name":"wp","href":"https:\/\/api.w.org\/{rel}","templated":true}]}}